{"id":265,"date":"2015-07-18T00:29:54","date_gmt":"2015-07-18T00:29:54","guid":{"rendered":"http:\/\/www.agenciapatriciagalvao.org.br\/dossie\/?page_id=265"},"modified":"2018-02-19T15:29:25","modified_gmt":"2018-02-19T18:29:25","slug":"sobre-o-instituto-patricia-galvao-e-o-projeto","status":"publish","type":"page","link":"https:\/\/dossies.agenciapatriciagalvao.org.br\/violencia\/sobre-o-instituto-patricia-galvao-e-o-projeto\/","title":{"rendered":"Sobre o Instituto Patr\u00edcia Galv\u00e3o e o Projeto"},"content":{"rendered":"<h3>Sobre este\u00a0projeto<\/h3>\n<p>Tendo em vista que a m\u00eddia tem papel crucial na implementa\u00e7\u00e3o e efetiva\u00e7\u00e3o de pol\u00edticas p\u00fablicas, o Instituto Patr\u00edcia Galv\u00e3o inscreveu o projeto <em>Por uma cobertura jornal\u00edstica contextualizada, cr\u00edtica e aprofundada sobre viol\u00eancia contra as mulheres\u00a0<\/em>em concurso promovido pelo\u00a0<a href=\"http:\/\/www.fundosocialelas.org\/\" target=\"_blank\">Fundo Elas<\/a>\u00a0em parceria com o\u00a0<a href=\"https:\/\/www.facebook.com\/institutoavon\" target=\"_blank\">Instituto Avon<\/a>, com recursos do <a href=\"http:\/\/www.fundosocialelas.org\/falesemmedo\/downloads\/Edital%20Fundo%20Fale%20sem%20Medo.docx\" target=\"_blank\">Fundo Fale sem Medo<\/a>.\u00a0A proposta foi uma das 31 selecionadas para receber investimento do fundo, que destinou\u00a0ao todo R$ 3,1 milh\u00f5es de reais para projetos diversos.<\/p>\n<p>O objetivo do Instituto Patr\u00edcia Galv\u00e3o \u00e9 contribuir para o aprofundamento do debate sobre a viol\u00eancia contra as mulheres nos meios de comunica\u00e7\u00e3o e nas redes sociais, por meio da sistematiza\u00e7\u00e3o e disponibiliza\u00e7\u00e3o de dados, informa\u00e7\u00f5es e an\u00e1lises estrat\u00e9gicas, al\u00e9m de promover di\u00e1logos com\u00a0profissionais de comunica\u00e7\u00e3o e comunicadores independentes sobre a realidade e complexidade do problema.\u00a0A proposta \u00e9 que o debate com a imprensa desperte um sentido de urg\u00eancia do compromisso da m\u00eddia para divulgar direitos e servi\u00e7os, exercer seu papel de fiscalizar as a\u00e7\u00f5es do Estado\u00a0e mostrar\u00a0que este \u00e9 um problema social que exige respostas em m\u00faltiplas frentes para ser\u00a0coibido.<\/p>\n<h3>Sobre o Instituto Patr\u00edcia Galv\u00e3o &#8211; M\u00eddia e Direitos<\/h3>\n<p>Organiza\u00e7\u00e3o n\u00e3o-governamental sem fins lucrativos fundada em 2001, o <a href=\"http:\/\/agenciapatriciagalvao.org.br\/quem-somos\/\" target=\"_blank\">Instituto Patr\u00edcia Galv\u00e3o<\/a> foi uma das primeiras organiza\u00e7\u00f5es feministas no pa\u00eds a se estruturar para atua\u00e7\u00e3o nos campos dos direitos das mulheres e do debate p\u00fablico atrav\u00e9s da imprensa.<\/p>\n<p>O Instituto Patr\u00edcia Galv\u00e3o tem como miss\u00e3o contribuir para a qualifica\u00e7\u00e3o da cobertura jornal\u00edstica sobre quest\u00f5es cr\u00edticas que envolvam viola\u00e7\u00f5es dos direitos das mulheres brasileiras, a fim de influenciar o debate p\u00fablico para demandar respostas do Estado, mudan\u00e7as na sociedade e na pr\u00f3pria m\u00eddia.<\/p>\n<p>Entre as atividades que o Instituto desenvolve est\u00e3o a realiza\u00e7\u00e3o de pesquisas de opini\u00e3o p\u00fablica em \u00e2mbito nacional; a produ\u00e7\u00e3o de campanhas publicit\u00e1rias educativas; e produ\u00e7\u00e3o de conte\u00fados para imprensa no formato de dossi\u00eas, pautas e not\u00edcias.<\/p>\n<p>A <a href=\"http:\/\/www.agenciapatriciagalvao.org.br\" target=\"_blank\">Ag\u00eancia Patr\u00edcia Galv\u00e3o<\/a>, criada em 2009, produz not\u00edcias e conte\u00fados sobre os direitos das mulheres brasileiras para influenciar no comportamento editorial de publica\u00e7\u00f5es impressas e digitais sobre problemas, propostas e prioridades que atingem 51% da popula\u00e7\u00e3o do pa\u00eds: as mulheres.<\/p>\n<p>Por meio das a\u00e7\u00f5es realizadas nos \u00faltimos quatorze anos, o Instituto Patr\u00edcia Galv\u00e3o se tornou uma organiza\u00e7\u00e3o conhecida e reconhecida, que conta com credibilidade e visibilidade no Brasil e no Exterior, tendo desenvolvido um modelo \u00edmpar de atua\u00e7\u00e3o em comunica\u00e7\u00e3o pol\u00edtica e direitos das mulheres.<\/p>\n<p>Entre as atividades do Instituto Patr\u00edcia Galv\u00e3o destacam-se:<\/p>\n<ul>\n<li>Cria\u00e7\u00e3o, em 2009, da <a href=\"http:\/\/agenciapatriciagalvao.org.br\/\" target=\"_blank\">Ag\u00eancia Patr\u00edcia Galv\u00e3o<\/a>, uma ferramenta na web de di\u00e1logo com diferentes interlocutores da \u00e1rea da comunica\u00e7\u00e3o voltada a assegurar espa\u00e7o para a promo\u00e7\u00e3o dos direitos das mulheres na m\u00eddia.<\/li>\n<li>Desenvolvimento e administra\u00e7\u00e3o do <a href=\"http:\/\/www.compromissoeatitude.org.br\/\" target=\"_blank\">Portal Compromisso e Atitude<\/a>, em 2012, uma das principais ferramentas de comunica\u00e7\u00e3o da Campanha Compromisso e Atitude pela Lei Maria da Penha \u2013 A lei \u00e9 mais forte, uma iniciativa conjunta do Poder Judici\u00e1rio, Minist\u00e9rio P\u00fablico, Defensoria P\u00fablica, Poder Legislativo e Governo Federal.<\/li>\n<li>Produ\u00e7\u00e3o de <a href=\"http:\/\/agenciapatriciagalvao.org.br\/pesquisas\/\" target=\"_blank\">pesquisas nacionais de opini\u00e3o p\u00fablica<\/a>;<\/li>\n<li>Produ\u00e7\u00e3o e divulga\u00e7\u00e3o de conte\u00fados sobre viol\u00eancia de g\u00eanero de interesse para <a href=\"http:\/\/agenciapatriciagalvao.org.br\/category\/violencia\/pautas-violencia\/\" target=\"_blank\">jornalistas, pesquisadores e movimentos sociais<\/a>, e para <a href=\"http:\/\/www.compromissoeatitude.org.br\/\" target=\"_blank\">operadores do Direito<\/a>;<\/li>\n<li>Produ\u00e7\u00e3o de <a href=\"http:\/\/agenciapatriciagalvao.org.br\/violencia\/videos-violencia\/campanhas-contra-a-violencia-a-mulher\/\" target=\"_blank\">campanhas sociais pelo fim da viol\u00eancia dom\u00e9stica<\/a> veiculadas em TV, r\u00e1dio e internet;<\/li>\n<li>Promo\u00e7\u00e3o de oficinas e cursos de media training para lideran\u00e7as sociais e especialistas;<\/li>\n<li><a href=\"http:\/\/agenciapatriciagalvao.org.br\/wp-content\/uploads\/2011\/12\/imprensa-e-agenda-dos-direitos-das-mulheres-2011.pdf\" target=\"_blank\">Monitoramento e an\u00e1lise da cobertura da imprensa<\/a> sobre temas que envolvem os direitos das mulheres;<\/li>\n<li>Realiza\u00e7\u00e3o de eventos, como os <a href=\"http:\/\/agenciapatriciagalvao.org.br\/advocacy\/\" target=\"_blank\">Semin\u00e1rios Nacionais A Mulher e a M\u00eddia<\/a> (2007 a 2011), os <a href=\"http:\/\/agenciapatriciagalvao.org.br\/mulher-e-midia\/videos-midia\/serie-dialogos\/\" target=\"_blank\">Di\u00e1logos sobre Liberdade de Express\u00e3o e Diversidades<\/a> (2011), o <a href=\"http:\/\/agenciapatriciagalvao.org.br\/agenda\/painel-pequim20-mais-mulheres-na-politica-distrito-federal-14042015\/\" target=\"_blank\">Painel Pequim+20: Mais Mulheres na Pol\u00edtica<\/a> (2015) e o <a href=\"http:\/\/www.scovaw.org\/\" target=\"_blank\">Semin\u00e1rio Internacional Cultura de Viol\u00eancia Contra as Mulheres<\/a>\u00a0(2015)<\/li>\n<\/ul>\n<p><strong><span style=\"color: #993300;\">Quem foi Patr\u00edcia Galv\u00e3o<\/span><\/strong><br \/>\nQuem foi Patr\u00edcia Galv\u00e3o \u2013 O nome do Instituto, e tamb\u00e9m da Ag\u00eancia, \u00e9 uma homenagem \u00e0 jornalista, escritora, ativista pol\u00edtica e cultural Patr\u00edcia Rehder Galv\u00e3o, a Pagu (1910-1962), que acreditou que as mulheres deveriam ter um papel mais ativo na esfera p\u00fablica.<\/p>\n","protected":false},"excerpt":{"rendered":"<p>Sobre este\u00a0projeto Tendo em vista que a m\u00eddia tem papel crucial na implementa\u00e7\u00e3o e efetiva\u00e7\u00e3o de pol\u00edticas p\u00fablicas, o Instituto Patr\u00edcia Galv\u00e3o inscreveu o projeto Por uma cobertura jornal\u00edstica contextualizada, cr\u00edtica e aprofundada sobre viol\u00eancia contra as mulheres\u00a0em concurso promovido pelo\u00a0Fundo Elas\u00a0em parceria com o\u00a0Instituto Avon, com recursos do Fundo Fale sem Medo.\u00a0A proposta foi [&hellip;]<\/p>\n","protected":false},"author":1,"featured_media":0,"parent":0,"menu_order":0,"comment_status":"open","ping_status":"open","template":"","meta":{"footnotes":""},"class_list":["post-265","page","type-page","status-publish","hentry"],"yoast_head":"<!-- This site is optimized with the Yoast SEO plugin v26.3 - https:\/\/yoast.com\/wordpress\/plugins\/seo\/ -->\n<title>Sobre o Instituto Patr\u00edcia Galv\u00e3o e o Projeto - Dossi\u00ea Viol\u00eancia contra as Mulheres<\/title>\n<meta name=\"robots\" content=\"index, follow, max-snippet:-1, max-image-preview:large, max-video-preview:-1\" \/>\n<link rel=\"canonical\" href=\"https:\/\/dossies.agenciapatriciagalvao.org.br\/violencia\/sobre-o-instituto-patricia-galvao-e-o-projeto\/\" \/>\n<meta property=\"og:locale\" content=\"pt_BR\" \/>\n<meta property=\"og:type\" content=\"article\" \/>\n<meta property=\"og:title\" content=\"Sobre o Instituto Patr\u00edcia Galv\u00e3o e o Projeto - Dossi\u00ea Viol\u00eancia contra as Mulheres\" \/>\n<meta property=\"og:description\" content=\"Sobre este\u00a0projeto Tendo em vista que a m\u00eddia tem papel crucial na implementa\u00e7\u00e3o e efetiva\u00e7\u00e3o de pol\u00edticas p\u00fablicas, o Instituto Patr\u00edcia Galv\u00e3o inscreveu o projeto Por uma cobertura jornal\u00edstica contextualizada, cr\u00edtica e aprofundada sobre viol\u00eancia contra as mulheres\u00a0em concurso promovido pelo\u00a0Fundo Elas\u00a0em parceria com o\u00a0Instituto Avon, com recursos do Fundo Fale sem Medo.\u00a0A proposta foi [&hellip;]\" \/>\n<meta property=\"og:url\" content=\"https:\/\/dossies.agenciapatriciagalvao.org.br\/violencia\/sobre-o-instituto-patricia-galvao-e-o-projeto\/\" \/>\n<meta property=\"og:site_name\" content=\"Dossi\u00ea Viol\u00eancia contra as Mulheres\" \/>\n<meta property=\"article:modified_time\" content=\"2018-02-19T18:29:25+00:00\" \/>\n<meta name=\"twitter:card\" content=\"summary_large_image\" \/>\n<meta name=\"twitter:label1\" content=\"Est. tempo de leitura\" \/>\n\t<meta name=\"twitter:data1\" content=\"4 minutos\" \/>\n<script type=\"application\/ld+json\" class=\"yoast-schema-graph\">{\"@context\":\"https:\/\/schema.org\",\"@graph\":[{\"@type\":\"WebPage\",\"@id\":\"https:\/\/dossies.agenciapatriciagalvao.org.br\/violencia\/sobre-o-instituto-patricia-galvao-e-o-projeto\/\",\"url\":\"https:\/\/dossies.agenciapatriciagalvao.org.br\/violencia\/sobre-o-instituto-patricia-galvao-e-o-projeto\/\",\"name\":\"Sobre o Instituto Patr\u00edcia Galv\u00e3o e o Projeto - Dossi\u00ea Viol\u00eancia contra as Mulheres\",\"isPartOf\":{\"@id\":\"https:\/\/dossies.agenciapatriciagalvao.org.br\/violencia\/#website\"},\"datePublished\":\"2015-07-18T00:29:54+00:00\",\"dateModified\":\"2018-02-19T18:29:25+00:00\",\"breadcrumb\":{\"@id\":\"https:\/\/dossies.agenciapatriciagalvao.org.br\/violencia\/sobre-o-instituto-patricia-galvao-e-o-projeto\/#breadcrumb\"},\"inLanguage\":\"pt-BR\",\"potentialAction\":[{\"@type\":\"ReadAction\",\"target\":[\"https:\/\/dossies.agenciapatriciagalvao.org.br\/violencia\/sobre-o-instituto-patricia-galvao-e-o-projeto\/\"]}]},{\"@type\":\"BreadcrumbList\",\"@id\":\"https:\/\/dossies.agenciapatriciagalvao.org.br\/violencia\/sobre-o-instituto-patricia-galvao-e-o-projeto\/#breadcrumb\",\"itemListElement\":[{\"@type\":\"ListItem\",\"position\":1,\"name\":\"In\u00edcio\",\"item\":\"https:\/\/dossies.agenciapatriciagalvao.org.br\/violencia\/\"},{\"@type\":\"ListItem\",\"position\":2,\"name\":\"Sobre o Instituto Patr\u00edcia Galv\u00e3o e o Projeto\"}]},{\"@type\":\"WebSite\",\"@id\":\"https:\/\/dossies.agenciapatriciagalvao.org.br\/violencia\/#website\",\"url\":\"https:\/\/dossies.agenciapatriciagalvao.org.br\/violencia\/\",\"name\":\"Dossi\u00ea Viol\u00eancia contra as Mulheres\",\"description\":\"&lt;strong&gt;Dossi\u00ea Viol\u00eancia contra as Mulheres&lt;\/strong&gt; foi desenvolvido para contribuir com a divulga\u00e7\u00e3o de informa\u00e7\u00f5es e o debate sobre a viol\u00eancia contra as mulheres. Para isso, conta com um banco de fontes de especialistas e tamb\u00e9m com um banco de pesquisas que re\u00fane dados e estudos atuais sobre a viol\u00eancia de g\u00eanero no Brasil. O dossi\u00ea tamb\u00e9m disp\u00f5e de uma se\u00e7\u00e3o de conte\u00fados especiais, que compilam informa\u00e7\u00f5es, dados e an\u00e1lises.\",\"potentialAction\":[{\"@type\":\"SearchAction\",\"target\":{\"@type\":\"EntryPoint\",\"urlTemplate\":\"https:\/\/dossies.agenciapatriciagalvao.org.br\/violencia\/?s={search_term_string}\"},\"query-input\":{\"@type\":\"PropertyValueSpecification\",\"valueRequired\":true,\"valueName\":\"search_term_string\"}}],\"inLanguage\":\"pt-BR\"}]}<\/script>\n<!-- \/ Yoast SEO plugin. -->","yoast_head_json":{"title":"Sobre o Instituto Patr\u00edcia Galv\u00e3o e o Projeto - Dossi\u00ea Viol\u00eancia contra as Mulheres","robots":{"index":"index","follow":"follow","max-snippet":"max-snippet:-1","max-image-preview":"max-image-preview:large","max-video-preview":"max-video-preview:-1"},"canonical":"https:\/\/dossies.agenciapatriciagalvao.org.br\/violencia\/sobre-o-instituto-patricia-galvao-e-o-projeto\/","og_locale":"pt_BR","og_type":"article","og_title":"Sobre o Instituto Patr\u00edcia Galv\u00e3o e o Projeto - Dossi\u00ea Viol\u00eancia contra as Mulheres","og_description":"Sobre este\u00a0projeto Tendo em vista que a m\u00eddia tem papel crucial na implementa\u00e7\u00e3o e efetiva\u00e7\u00e3o de pol\u00edticas p\u00fablicas, o Instituto Patr\u00edcia Galv\u00e3o inscreveu o projeto Por uma cobertura jornal\u00edstica contextualizada, cr\u00edtica e aprofundada sobre viol\u00eancia contra as mulheres\u00a0em concurso promovido pelo\u00a0Fundo Elas\u00a0em parceria com o\u00a0Instituto Avon, com recursos do Fundo Fale sem Medo.\u00a0A proposta foi [&hellip;]","og_url":"https:\/\/dossies.agenciapatriciagalvao.org.br\/violencia\/sobre-o-instituto-patricia-galvao-e-o-projeto\/","og_site_name":"Dossi\u00ea Viol\u00eancia contra as Mulheres","article_modified_time":"2018-02-19T18:29:25+00:00","twitter_card":"summary_large_image","twitter_misc":{"Est. tempo de leitura":"4 minutos"},"schema":{"@context":"https:\/\/schema.org","@graph":[{"@type":"WebPage","@id":"https:\/\/dossies.agenciapatriciagalvao.org.br\/violencia\/sobre-o-instituto-patricia-galvao-e-o-projeto\/","url":"https:\/\/dossies.agenciapatriciagalvao.org.br\/violencia\/sobre-o-instituto-patricia-galvao-e-o-projeto\/","name":"Sobre o Instituto Patr\u00edcia Galv\u00e3o e o Projeto - Dossi\u00ea Viol\u00eancia contra as Mulheres","isPartOf":{"@id":"https:\/\/dossies.agenciapatriciagalvao.org.br\/violencia\/#website"},"datePublished":"2015-07-18T00:29:54+00:00","dateModified":"2018-02-19T18:29:25+00:00","breadcrumb":{"@id":"https:\/\/dossies.agenciapatriciagalvao.org.br\/violencia\/sobre-o-instituto-patricia-galvao-e-o-projeto\/#breadcrumb"},"inLanguage":"pt-BR","potentialAction":[{"@type":"ReadAction","target":["https:\/\/dossies.agenciapatriciagalvao.org.br\/violencia\/sobre-o-instituto-patricia-galvao-e-o-projeto\/"]}]},{"@type":"BreadcrumbList","@id":"https:\/\/dossies.agenciapatriciagalvao.org.br\/violencia\/sobre-o-instituto-patricia-galvao-e-o-projeto\/#breadcrumb","itemListElement":[{"@type":"ListItem","position":1,"name":"In\u00edcio","item":"https:\/\/dossies.agenciapatriciagalvao.org.br\/violencia\/"},{"@type":"ListItem","position":2,"name":"Sobre o Instituto Patr\u00edcia Galv\u00e3o e o Projeto"}]},{"@type":"WebSite","@id":"https:\/\/dossies.agenciapatriciagalvao.org.br\/violencia\/#website","url":"https:\/\/dossies.agenciapatriciagalvao.org.br\/violencia\/","name":"Dossi\u00ea Viol\u00eancia contra as Mulheres","description":"&lt;strong&gt;Dossi\u00ea Viol\u00eancia contra as Mulheres&lt;\/strong&gt; foi desenvolvido para contribuir com a divulga\u00e7\u00e3o de informa\u00e7\u00f5es e o debate sobre a viol\u00eancia contra as mulheres. Para isso, conta com um banco de fontes de especialistas e tamb\u00e9m com um banco de pesquisas que re\u00fane dados e estudos atuais sobre a viol\u00eancia de g\u00eanero no Brasil. O dossi\u00ea tamb\u00e9m disp\u00f5e de uma se\u00e7\u00e3o de conte\u00fados especiais, que compilam informa\u00e7\u00f5es, dados e an\u00e1lises.","potentialAction":[{"@type":"SearchAction","target":{"@type":"EntryPoint","urlTemplate":"https:\/\/dossies.agenciapatriciagalvao.org.br\/violencia\/?s={search_term_string}"},"query-input":{"@type":"PropertyValueSpecification","valueRequired":true,"valueName":"search_term_string"}}],"inLanguage":"pt-BR"}]}},"_links":{"self":[{"href":"https:\/\/dossies.agenciapatriciagalvao.org.br\/violencia\/wp-json\/wp\/v2\/pages\/265","targetHints":{"allow":["GET"]}}],"collection":[{"href":"https:\/\/dossies.agenciapatriciagalvao.org.br\/violencia\/wp-json\/wp\/v2\/pages"}],"about":[{"href":"https:\/\/dossies.agenciapatriciagalvao.org.br\/violencia\/wp-json\/wp\/v2\/types\/page"}],"author":[{"embeddable":true,"href":"https:\/\/dossies.agenciapatriciagalvao.org.br\/violencia\/wp-json\/wp\/v2\/users\/1"}],"replies":[{"embeddable":true,"href":"https:\/\/dossies.agenciapatriciagalvao.org.br\/violencia\/wp-json\/wp\/v2\/comments?post=265"}],"version-history":[{"count":15,"href":"https:\/\/dossies.agenciapatriciagalvao.org.br\/violencia\/wp-json\/wp\/v2\/pages\/265\/revisions"}],"predecessor-version":[{"id":1036,"href":"https:\/\/dossies.agenciapatriciagalvao.org.br\/violencia\/wp-json\/wp\/v2\/pages\/265\/revisions\/1036"}],"wp:attachment":[{"href":"https:\/\/dossies.agenciapatriciagalvao.org.br\/violencia\/wp-json\/wp\/v2\/media?parent=265"}],"curies":[{"name":"wp","href":"https:\/\/api.w.org\/{rel}","templated":true}]}}