
{"id":287,"date":"2019-07-11T04:45:08","date_gmt":"2019-07-11T07:45:08","guid":{"rendered":"http:\/\/dossies.agenciapatriciagalvao.localhost\/violencia-sexual\/?page_id=287"},"modified":"2019-11-05T17:37:22","modified_gmt":"2019-11-05T20:37:22","slug":"politica-de-privacidade","status":"publish","type":"page","link":"https:\/\/dossies.agenciapatriciagalvao.org.br\/violencia-sexual\/politica-de-privacidade\/","title":{"rendered":"Pol\u00edtica de Privacidade"},"content":{"rendered":"<div class=\"c-text__excerpt\" role=\"article\">\n<p>&nbsp;<\/p>\n<p>Iniciativa do\u00a0Instituto Patr\u00edcia Galv\u00e3o,\u00a0o\u00a0<em><strong>Dossi\u00ea Viol\u00eancia Sexual\u00a0<\/strong><\/em>tem car\u00e1ter gratuito e acesso livre. Todas as informa\u00e7\u00f5es pessoais de usu\u00e1rios recolhidas ser\u00e3o usadas somente para tornar o seu acesso ao nosso site o mais produtivo e agrad\u00e1vel poss\u00edvel e jamais ser\u00e3o utilizadas para fins comerciais.<\/p>\n<\/div>\n<div class=\" c-text__content\" role=\"article\">\n<p class=\"selectionShareable\">A informa\u00e7\u00e3o pessoal recolhida pode incluir o seu nome, e-mail, n\u00famero de telefone e\/ou outros. A garantia da confidencialidade dos dados pessoais dos utilizadores do nosso site \u00e9 fundamental para a Ag\u00eancia Patr\u00edcia Galv\u00e3o.<\/p>\n<p class=\"selectionShareable\">Todas as informa\u00e7\u00f5es cadastradas no site s\u00e3o mantidas em sigilo nos bancos de dados da Ag\u00eancia Patr\u00edcia Galv\u00e3o.<\/p>\n<p class=\"selectionShareable\">O usu\u00e1rio, por sua vez, concorda que \u00e9 proibido por lei:<\/p>\n<ul>\n<li class=\"selectionShareable\">prejudicar os direitos e interesses de terceiros;<\/li>\n<li class=\"selectionShareable\">inutilizar, modificar ou impedir, em todo ou em parte, qualquer \u00e1rea do site;<\/li>\n<li class=\"selectionShareable\">tentar violar os meios t\u00e9cnicos de prote\u00e7\u00e3o ao conte\u00fado do site.<\/li>\n<\/ul>\n<p class=\"selectionShareable\">Tal como outros websites, coletamos e utilizamos informa\u00e7\u00f5es como seu endere\u00e7o IP (Internet Protocol), seu ISP (Internet Service Provider), o browser que utilizou ao visitar o nosso site (como o Internet Explorer ou o Firefox), o tempo da sua visita e que p\u00e1ginas visitou dentro do nosso site.<\/p>\n<p>&nbsp;<\/p>\n<h2 class=\"selectionShareable\"><strong>Liga\u00e7\u00f5es a sites de terceiros<\/strong><\/h2>\n<p class=\"selectionShareable\">O\u00a0<strong><em>Dossi\u00ea Viol\u00eancia Sexual\u00a0<\/em><\/strong>possui liga\u00e7\u00f5es para outros sites que podem, a nosso ver, conter informa\u00e7\u00f5es e\/ou ferramentas \u00fateis para os nossos visitantes. Ressaltamos que a nossa pol\u00edtica de privacidade n\u00e3o \u00e9 aplicada a sites de terceiros e que, portando, o usu\u00e1rio que visitar outro site a partir do nosso dever\u00e1 ler a pol\u00edtica de privacidade do mesmo.<\/p>\n<p class=\"selectionShareable\">N\u00e3o nos responsabilizamos pela pol\u00edtica de privacidade ou conte\u00fado presente nesses mesmos sites.<\/p>\n<p class=\"selectionShareable\">As condi\u00e7\u00f5es acima relacionadas se encontram amparadas atrav\u00e9s de normatiza\u00e7\u00f5es brasileiras.<\/p>\n<p class=\"selectionShareable\">A partir do momento em que o usu\u00e1rio acessa o nosso site estar\u00e1 automaticamente aderindo e concordando expressamente com as condi\u00e7\u00f5es aqui dispostas.<\/p>\n<p class=\"selectionShareable\">A equipe do Instituto Patr\u00edcia Galv\u00e3o reserva-se o direito de alterar este acordo sem aviso pr\u00e9vio. Deste modo, recomendamos que consulte a nossa pol\u00edtica de privacidade com regularidade a fim de se manter atualizado.<\/p>\n<\/div>\n","protected":false},"excerpt":{"rendered":"<p>&nbsp; Iniciativa do\u00a0Instituto Patr\u00edcia Galv\u00e3o,\u00a0o\u00a0Dossi\u00ea Viol\u00eancia Sexual\u00a0tem car\u00e1ter gratuito e acesso livre. Todas as informa\u00e7\u00f5es pessoais de usu\u00e1rios recolhidas ser\u00e3o usadas somente para tornar o seu acesso ao nosso site o mais produtivo e agrad\u00e1vel poss\u00edvel e jamais ser\u00e3o utilizadas para fins comerciais. A informa\u00e7\u00e3o pessoal recolhida pode incluir o seu nome, e-mail, n\u00famero de [&hellip;]<\/p>\n","protected":false},"author":1,"featured_media":0,"parent":0,"menu_order":0,"comment_status":"closed","ping_status":"closed","template":"page-institucional.php","meta":{"footnotes":""},"categories":[],"class_list":["post-287","page","type-page","status-publish","hentry"],"yoast_head":"<!-- This site is optimized with the Yoast SEO plugin v27.4 - https:\/\/yoast.com\/product\/yoast-seo-wordpress\/ -->\n<title>Pol\u00edtica de Privacidade - Viol\u00eancia Sexual<\/title>\n<meta name=\"robots\" content=\"index, follow, max-snippet:-1, max-image-preview:large, max-video-preview:-1\" \/>\n<link rel=\"canonical\" href=\"https:\/\/dossies.agenciapatriciagalvao.org.br\/violencia-sexual\/politica-de-privacidade\/\" \/>\n<meta property=\"og:locale\" content=\"pt_BR\" \/>\n<meta property=\"og:type\" content=\"article\" \/>\n<meta property=\"og:title\" content=\"Pol\u00edtica de Privacidade - Viol\u00eancia Sexual\" \/>\n<meta property=\"og:description\" content=\"&nbsp; Iniciativa do\u00a0Instituto Patr\u00edcia Galv\u00e3o,\u00a0o\u00a0Dossi\u00ea Viol\u00eancia Sexual\u00a0tem car\u00e1ter gratuito e acesso livre. Todas as informa\u00e7\u00f5es pessoais de usu\u00e1rios recolhidas ser\u00e3o usadas somente para tornar o seu acesso ao nosso site o mais produtivo e agrad\u00e1vel poss\u00edvel e jamais ser\u00e3o utilizadas para fins comerciais. A informa\u00e7\u00e3o pessoal recolhida pode incluir o seu nome, e-mail, n\u00famero de [&hellip;]\" \/>\n<meta property=\"og:url\" content=\"https:\/\/dossies.agenciapatriciagalvao.org.br\/violencia-sexual\/politica-de-privacidade\/\" \/>\n<meta property=\"og:site_name\" content=\"Viol\u00eancia Sexual\" \/>\n<meta property=\"article:modified_time\" content=\"2019-11-05T20:37:22+00:00\" \/>\n<meta name=\"twitter:card\" content=\"summary_large_image\" \/>\n<meta name=\"twitter:label1\" content=\"Est. tempo de leitura\" \/>\n\t<meta name=\"twitter:data1\" content=\"2 minutos\" \/>\n<script type=\"application\/ld+json\" class=\"yoast-schema-graph\">{\"@context\":\"https:\\\/\\\/schema.org\",\"@graph\":[{\"@type\":\"WebPage\",\"@id\":\"https:\\\/\\\/dossies.agenciapatriciagalvao.org.br\\\/violencia-sexual\\\/politica-de-privacidade\\\/\",\"url\":\"https:\\\/\\\/dossies.agenciapatriciagalvao.org.br\\\/violencia-sexual\\\/politica-de-privacidade\\\/\",\"name\":\"Pol\u00edtica de Privacidade - Viol\u00eancia Sexual\",\"isPartOf\":{\"@id\":\"https:\\\/\\\/dossies.agenciapatriciagalvao.org.br\\\/violencia-sexual\\\/#website\"},\"datePublished\":\"2019-07-11T07:45:08+00:00\",\"dateModified\":\"2019-11-05T20:37:22+00:00\",\"inLanguage\":\"pt-BR\",\"potentialAction\":[{\"@type\":\"ReadAction\",\"target\":[\"https:\\\/\\\/dossies.agenciapatriciagalvao.org.br\\\/violencia-sexual\\\/politica-de-privacidade\\\/\"]}]},{\"@type\":\"WebSite\",\"@id\":\"https:\\\/\\\/dossies.agenciapatriciagalvao.org.br\\\/violencia-sexual\\\/#website\",\"url\":\"https:\\\/\\\/dossies.agenciapatriciagalvao.org.br\\\/violencia-sexual\\\/\",\"name\":\"Viol\u00eancia Sexual\",\"description\":\"&lt;strong&gt;Dossi\u00ea Viol\u00eancia Sexual&lt;\\\/strong&gt; traz informa\u00e7\u00f5es e orienta\u00e7\u00f5es sobre as diversas formas de ass\u00e9dio sexual e de viol\u00eancia de g\u00eanero online, al\u00e9m de estupro. A proposta da plataforma \u00e9 ser um suporte tanto para quem foi v\u00edtima como para quem quer apoiar uma mulher que passou por essas viol\u00eancias.As especialistas consultadas refor\u00e7am que \u00e9 necess\u00e1rio dar um basta no julgamento moral, na culpabiliza\u00e7\u00e3o e na revitimiza\u00e7\u00e3o das mulheres. &lt;strong&gt;A culpa nunca \u00e9 da v\u00edtima.&lt;\\\/strong&gt;\",\"potentialAction\":[{\"@type\":\"SearchAction\",\"target\":{\"@type\":\"EntryPoint\",\"urlTemplate\":\"https:\\\/\\\/dossies.agenciapatriciagalvao.org.br\\\/violencia-sexual\\\/?s={search_term_string}\"},\"query-input\":{\"@type\":\"PropertyValueSpecification\",\"valueRequired\":true,\"valueName\":\"search_term_string\"}}],\"inLanguage\":\"pt-BR\"}]}<\/script>\n<!-- \/ Yoast SEO plugin. -->","yoast_head_json":{"title":"Pol\u00edtica de Privacidade - Viol\u00eancia Sexual","robots":{"index":"index","follow":"follow","max-snippet":"max-snippet:-1","max-image-preview":"max-image-preview:large","max-video-preview":"max-video-preview:-1"},"canonical":"https:\/\/dossies.agenciapatriciagalvao.org.br\/violencia-sexual\/politica-de-privacidade\/","og_locale":"pt_BR","og_type":"article","og_title":"Pol\u00edtica de Privacidade - Viol\u00eancia Sexual","og_description":"&nbsp; Iniciativa do\u00a0Instituto Patr\u00edcia Galv\u00e3o,\u00a0o\u00a0Dossi\u00ea Viol\u00eancia Sexual\u00a0tem car\u00e1ter gratuito e acesso livre. Todas as informa\u00e7\u00f5es pessoais de usu\u00e1rios recolhidas ser\u00e3o usadas somente para tornar o seu acesso ao nosso site o mais produtivo e agrad\u00e1vel poss\u00edvel e jamais ser\u00e3o utilizadas para fins comerciais. A informa\u00e7\u00e3o pessoal recolhida pode incluir o seu nome, e-mail, n\u00famero de [&hellip;]","og_url":"https:\/\/dossies.agenciapatriciagalvao.org.br\/violencia-sexual\/politica-de-privacidade\/","og_site_name":"Viol\u00eancia Sexual","article_modified_time":"2019-11-05T20:37:22+00:00","twitter_card":"summary_large_image","twitter_misc":{"Est. tempo de leitura":"2 minutos"},"schema":{"@context":"https:\/\/schema.org","@graph":[{"@type":"WebPage","@id":"https:\/\/dossies.agenciapatriciagalvao.org.br\/violencia-sexual\/politica-de-privacidade\/","url":"https:\/\/dossies.agenciapatriciagalvao.org.br\/violencia-sexual\/politica-de-privacidade\/","name":"Pol\u00edtica de Privacidade - Viol\u00eancia Sexual","isPartOf":{"@id":"https:\/\/dossies.agenciapatriciagalvao.org.br\/violencia-sexual\/#website"},"datePublished":"2019-07-11T07:45:08+00:00","dateModified":"2019-11-05T20:37:22+00:00","inLanguage":"pt-BR","potentialAction":[{"@type":"ReadAction","target":["https:\/\/dossies.agenciapatriciagalvao.org.br\/violencia-sexual\/politica-de-privacidade\/"]}]},{"@type":"WebSite","@id":"https:\/\/dossies.agenciapatriciagalvao.org.br\/violencia-sexual\/#website","url":"https:\/\/dossies.agenciapatriciagalvao.org.br\/violencia-sexual\/","name":"Viol\u00eancia Sexual","description":"&lt;strong&gt;Dossi\u00ea Viol\u00eancia Sexual&lt;\/strong&gt; traz informa\u00e7\u00f5es e orienta\u00e7\u00f5es sobre as diversas formas de ass\u00e9dio sexual e de viol\u00eancia de g\u00eanero online, al\u00e9m de estupro. A proposta da plataforma \u00e9 ser um suporte tanto para quem foi v\u00edtima como para quem quer apoiar uma mulher que passou por essas viol\u00eancias.As especialistas consultadas refor\u00e7am que \u00e9 necess\u00e1rio dar um basta no julgamento moral, na culpabiliza\u00e7\u00e3o e na revitimiza\u00e7\u00e3o das mulheres. &lt;strong&gt;A culpa nunca \u00e9 da v\u00edtima.&lt;\/strong&gt;","potentialAction":[{"@type":"SearchAction","target":{"@type":"EntryPoint","urlTemplate":"https:\/\/dossies.agenciapatriciagalvao.org.br\/violencia-sexual\/?s={search_term_string}"},"query-input":{"@type":"PropertyValueSpecification","valueRequired":true,"valueName":"search_term_string"}}],"inLanguage":"pt-BR"}]}},"_links":{"self":[{"href":"https:\/\/dossies.agenciapatriciagalvao.org.br\/violencia-sexual\/wp-json\/wp\/v2\/pages\/287","targetHints":{"allow":["GET"]}}],"collection":[{"href":"https:\/\/dossies.agenciapatriciagalvao.org.br\/violencia-sexual\/wp-json\/wp\/v2\/pages"}],"about":[{"href":"https:\/\/dossies.agenciapatriciagalvao.org.br\/violencia-sexual\/wp-json\/wp\/v2\/types\/page"}],"author":[{"embeddable":true,"href":"https:\/\/dossies.agenciapatriciagalvao.org.br\/violencia-sexual\/wp-json\/wp\/v2\/users\/1"}],"replies":[{"embeddable":true,"href":"https:\/\/dossies.agenciapatriciagalvao.org.br\/violencia-sexual\/wp-json\/wp\/v2\/comments?post=287"}],"version-history":[{"count":3,"href":"https:\/\/dossies.agenciapatriciagalvao.org.br\/violencia-sexual\/wp-json\/wp\/v2\/pages\/287\/revisions"}],"predecessor-version":[{"id":611,"href":"https:\/\/dossies.agenciapatriciagalvao.org.br\/violencia-sexual\/wp-json\/wp\/v2\/pages\/287\/revisions\/611"}],"wp:attachment":[{"href":"https:\/\/dossies.agenciapatriciagalvao.org.br\/violencia-sexual\/wp-json\/wp\/v2\/media?parent=287"}],"wp:term":[{"taxonomy":"category","embeddable":true,"href":"https:\/\/dossies.agenciapatriciagalvao.org.br\/violencia-sexual\/wp-json\/wp\/v2\/categories?post=287"}],"curies":[{"name":"wp","href":"https:\/\/api.w.org\/{rel}","templated":true}]}}