{"id":207,"date":"2018-07-13T17:21:42","date_gmt":"2018-07-13T20:21:42","guid":{"rendered":"http:\/\/dossies.agenciapatriciagalvao.org.br\/violencia-em-dados\/?page_id=207"},"modified":"2018-08-09T14:14:39","modified_gmt":"2018-08-09T17:14:39","slug":"politica-de-privacidade","status":"publish","type":"page","link":"https:\/\/dossies.agenciapatriciagalvao.org.br\/violencia-em-dados\/politica-de-privacidade\/","title":{"rendered":"Pol\u00edtica de privacidade"},"content":{"rendered":"<p>A plataforma <a href=\"http:\/\/dossies.agenciapatriciagalvao.org.br\/violencia-em-dados\/violencia-contra-as-mulheres-em-dados-plataforma-reune-pesquisas-fontes-e-sinteses-sobre-o-problema-no-brasil\/\" target=\"_blank\" rel=\"noopener\">Viol\u00eancia contra as mulheres em dados<\/a> \u00e9 uma iniciativa do\u00a0Instituto Patr\u00edcia Galv\u00e3o, criada em 2009 para atuar na produ\u00e7\u00e3o de not\u00edcias e conte\u00fados sobre os direitos das mulheres brasileiras.<\/p>\n<p>O site\u00a0<a href=\"http:\/\/dossies.agenciapatriciagalvao.org.br\/violencia-em-dados\/violencia-contra-as-mulheres-em-dados-plataforma-reune-pesquisas-fontes-e-sinteses-sobre-o-problema-no-brasil\/\" target=\"_blank\" rel=\"noopener\">Viol\u00eancia contra as mulheres em dados<\/a>\u00a0tem car\u00e1ter gratuito e acesso livre.\u00a0Todas as informa\u00e7\u00f5es pessoais de usu\u00e1rios recolhidas ser\u00e3o usadas somente para tornar o seu acesso ao nosso site o mais produtivo e agrad\u00e1vel poss\u00edvel e jamais ser\u00e3o utilizadas para fins comerciais.<\/p>\n<p>A informa\u00e7\u00e3o pessoal recolhida pode incluir o seu nome, e-mail, n\u00famero de telefone e\/ou outros. A garantia da confidencialidade dos dados pessoais dos utilizadores do nosso site \u00e9 fundamental para o Instituto Patr\u00edcia Galv\u00e3o.<\/p>\n<p>Todas as informa\u00e7\u00f5es cadastradas no site s\u00e3o mantidas em sigilo nos bancos de dados da plataforma\u00a0<a href=\"http:\/\/dossies.agenciapatriciagalvao.org.br\/violencia-em-dados\/violencia-contra-as-mulheres-em-dados-plataforma-reune-pesquisas-fontes-e-sinteses-sobre-o-problema-no-brasil\/\" target=\"_blank\" rel=\"noopener\">Viol\u00eancia contra as mulheres em dados<\/a>.<\/p>\n<p>O usu\u00e1rio, por sua vez, concorda que \u00e9 proibido por lei:<br \/>\n\u2013 prejudicar os direitos e interesses de terceiros;<br \/>\n\u2013 inutilizar, modificar ou impedir, em todo ou em parte, qualquer \u00e1rea do site;<br \/>\n\u2013 tentar violar os meios t\u00e9cnicos de prote\u00e7\u00e3o ao conte\u00fado do site.<\/p>\n<p>Tal como outros websites, coletamos e utilizamos informa\u00e7\u00f5es como seu endere\u00e7o IP (Internet Protocol), seu ISP (Internet Service Provider), o browser que utilizou ao visitar o nosso site (como o Internet Explorer ou o Firefox), o tempo da sua visita e que p\u00e1ginas visitou dentro do nosso site.<\/p>\n<p><strong>Liga\u00e7\u00f5es a sites de terceiros<\/strong><\/p>\n<p>A Ag\u00eancia Patr\u00edcia Galv\u00e3o possui liga\u00e7\u00f5es para outros sites que podem, a nosso ver, conter informa\u00e7\u00f5es \/ ferramentas \u00fateis para os nossos visitantes. Ressaltamos que a nossa pol\u00edtica de privacidade n\u00e3o \u00e9 aplicada a sites de terceiros e que, portando, o usu\u00e1rio que visitar outro site a partir do nosso dever\u00e1 ler a pol\u00edtica de privacidade do mesmo.<\/p>\n<p>N\u00e3o nos responsabilizamos pela pol\u00edtica de privacidade ou conte\u00fado presente nesses mesmos sites.<\/p>\n<p>As condi\u00e7\u00f5es acima relacionadas se encontram amparadas atrav\u00e9s de normatiza\u00e7\u00f5es brasileiras.<\/p>\n<p>A partir do momento em que o usu\u00e1rio acessa o nosso site estar\u00e1 automaticamente aderindo e concordando expressamente com as condi\u00e7\u00f5es aqui dispostas.<\/p>\n<p>A equipe do Instituto Patr\u00edcia Galv\u00e3o reserva-se ao direito de alterar este acordo sem aviso pr\u00e9vio. Deste modo, recomendamos que consulte a nossa pol\u00edtica de privacidade com regularidade a fim de se manter atualizado.<\/p>\n","protected":false},"excerpt":{"rendered":"<p>A plataforma Viol\u00eancia contra as mulheres em dados \u00e9 uma iniciativa do\u00a0Instituto Patr\u00edcia Galv\u00e3o, criada em 2009 para atuar na produ\u00e7\u00e3o de not\u00edcias e conte\u00fados sobre os direitos das mulheres brasileiras. O site\u00a0Viol\u00eancia contra as mulheres em dados\u00a0tem car\u00e1ter gratuito e acesso livre.\u00a0Todas as informa\u00e7\u00f5es pessoais de usu\u00e1rios recolhidas ser\u00e3o usadas somente para tornar o [&hellip;]<\/p>\n","protected":false},"author":1,"featured_media":0,"parent":0,"menu_order":0,"comment_status":"closed","ping_status":"closed","template":"","meta":{"footnotes":""},"class_list":["post-207","page","type-page","status-publish","hentry"],"yoast_head":"<!-- This site is optimized with the Yoast SEO plugin v27.4 - https:\/\/yoast.com\/product\/yoast-seo-wordpress\/ -->\n<title>Pol\u00edtica de privacidade - Viol\u00eancia contra a mulher em dados<\/title>\n<meta name=\"robots\" content=\"index, follow, max-snippet:-1, max-image-preview:large, max-video-preview:-1\" \/>\n<link rel=\"canonical\" href=\"https:\/\/dossies.agenciapatriciagalvao.org.br\/violencia-em-dados\/politica-de-privacidade\/\" \/>\n<meta property=\"og:locale\" content=\"pt_BR\" \/>\n<meta property=\"og:type\" content=\"article\" \/>\n<meta property=\"og:title\" content=\"Pol\u00edtica de privacidade - Viol\u00eancia contra a mulher em dados\" \/>\n<meta property=\"og:description\" content=\"A plataforma Viol\u00eancia contra as mulheres em dados \u00e9 uma iniciativa do\u00a0Instituto Patr\u00edcia Galv\u00e3o, criada em 2009 para atuar na produ\u00e7\u00e3o de not\u00edcias e conte\u00fados sobre os direitos das mulheres brasileiras. O site\u00a0Viol\u00eancia contra as mulheres em dados\u00a0tem car\u00e1ter gratuito e acesso livre.\u00a0Todas as informa\u00e7\u00f5es pessoais de usu\u00e1rios recolhidas ser\u00e3o usadas somente para tornar o [&hellip;]\" \/>\n<meta property=\"og:url\" content=\"https:\/\/dossies.agenciapatriciagalvao.org.br\/violencia-em-dados\/politica-de-privacidade\/\" \/>\n<meta property=\"og:site_name\" content=\"Viol\u00eancia contra a mulher em dados\" \/>\n<meta property=\"article:modified_time\" content=\"2018-08-09T17:14:39+00:00\" \/>\n<meta name=\"twitter:card\" content=\"summary_large_image\" \/>\n<meta name=\"twitter:label1\" content=\"Est. tempo de leitura\" \/>\n\t<meta name=\"twitter:data1\" content=\"2 minutos\" \/>\n<script type=\"application\/ld+json\" class=\"yoast-schema-graph\">{\"@context\":\"https:\\\/\\\/schema.org\",\"@graph\":[{\"@type\":\"WebPage\",\"@id\":\"https:\\\/\\\/dossies.agenciapatriciagalvao.org.br\\\/violencia-em-dados\\\/politica-de-privacidade\\\/\",\"url\":\"https:\\\/\\\/dossies.agenciapatriciagalvao.org.br\\\/violencia-em-dados\\\/politica-de-privacidade\\\/\",\"name\":\"Pol\u00edtica de privacidade - Viol\u00eancia contra a mulher em dados\",\"isPartOf\":{\"@id\":\"https:\\\/\\\/dossies.agenciapatriciagalvao.org.br\\\/violencia-em-dados\\\/#website\"},\"datePublished\":\"2018-07-13T20:21:42+00:00\",\"dateModified\":\"2018-08-09T17:14:39+00:00\",\"breadcrumb\":{\"@id\":\"https:\\\/\\\/dossies.agenciapatriciagalvao.org.br\\\/violencia-em-dados\\\/politica-de-privacidade\\\/#breadcrumb\"},\"inLanguage\":\"pt-BR\",\"potentialAction\":[{\"@type\":\"ReadAction\",\"target\":[\"https:\\\/\\\/dossies.agenciapatriciagalvao.org.br\\\/violencia-em-dados\\\/politica-de-privacidade\\\/\"]}]},{\"@type\":\"BreadcrumbList\",\"@id\":\"https:\\\/\\\/dossies.agenciapatriciagalvao.org.br\\\/violencia-em-dados\\\/politica-de-privacidade\\\/#breadcrumb\",\"itemListElement\":[{\"@type\":\"ListItem\",\"position\":1,\"name\":\"Home\",\"item\":\"https:\\\/\\\/dossies.agenciapatriciagalvao.org.br\\\/violencia-em-dados\\\/\"},{\"@type\":\"ListItem\",\"position\":2,\"name\":\"Pol\u00edtica de privacidade\"}]},{\"@type\":\"WebSite\",\"@id\":\"https:\\\/\\\/dossies.agenciapatriciagalvao.org.br\\\/violencia-em-dados\\\/#website\",\"url\":\"https:\\\/\\\/dossies.agenciapatriciagalvao.org.br\\\/violencia-em-dados\\\/\",\"name\":\"Viol\u00eancia contra a mulher em dados\",\"description\":\"&lt;strong&gt;Viol\u00eancia contra as Mulheres em Dados&lt;\\\/strong&gt; re\u00fane pesquisas e dados recentes relacionados \u00e0s viol\u00eancias contra as mulheres no Brasil, com base no monitoramento e curadoria realizados pelo Instituto Patr\u00edcia Galv\u00e3o \u2013 com foco na viol\u00eancia dom\u00e9stica, sexual e online, no feminic\u00eddio e na intersec\u00e7\u00e3o com o racismo e a LGBT+fobia.\",\"potentialAction\":[{\"@type\":\"SearchAction\",\"target\":{\"@type\":\"EntryPoint\",\"urlTemplate\":\"https:\\\/\\\/dossies.agenciapatriciagalvao.org.br\\\/violencia-em-dados\\\/?s={search_term_string}\"},\"query-input\":{\"@type\":\"PropertyValueSpecification\",\"valueRequired\":true,\"valueName\":\"search_term_string\"}}],\"inLanguage\":\"pt-BR\"}]}<\/script>\n<!-- \/ Yoast SEO plugin. -->","yoast_head_json":{"title":"Pol\u00edtica de privacidade - Viol\u00eancia contra a mulher em dados","robots":{"index":"index","follow":"follow","max-snippet":"max-snippet:-1","max-image-preview":"max-image-preview:large","max-video-preview":"max-video-preview:-1"},"canonical":"https:\/\/dossies.agenciapatriciagalvao.org.br\/violencia-em-dados\/politica-de-privacidade\/","og_locale":"pt_BR","og_type":"article","og_title":"Pol\u00edtica de privacidade - Viol\u00eancia contra a mulher em dados","og_description":"A plataforma Viol\u00eancia contra as mulheres em dados \u00e9 uma iniciativa do\u00a0Instituto Patr\u00edcia Galv\u00e3o, criada em 2009 para atuar na produ\u00e7\u00e3o de not\u00edcias e conte\u00fados sobre os direitos das mulheres brasileiras. O site\u00a0Viol\u00eancia contra as mulheres em dados\u00a0tem car\u00e1ter gratuito e acesso livre.\u00a0Todas as informa\u00e7\u00f5es pessoais de usu\u00e1rios recolhidas ser\u00e3o usadas somente para tornar o [&hellip;]","og_url":"https:\/\/dossies.agenciapatriciagalvao.org.br\/violencia-em-dados\/politica-de-privacidade\/","og_site_name":"Viol\u00eancia contra a mulher em dados","article_modified_time":"2018-08-09T17:14:39+00:00","twitter_card":"summary_large_image","twitter_misc":{"Est. tempo de leitura":"2 minutos"},"schema":{"@context":"https:\/\/schema.org","@graph":[{"@type":"WebPage","@id":"https:\/\/dossies.agenciapatriciagalvao.org.br\/violencia-em-dados\/politica-de-privacidade\/","url":"https:\/\/dossies.agenciapatriciagalvao.org.br\/violencia-em-dados\/politica-de-privacidade\/","name":"Pol\u00edtica de privacidade - Viol\u00eancia contra a mulher em dados","isPartOf":{"@id":"https:\/\/dossies.agenciapatriciagalvao.org.br\/violencia-em-dados\/#website"},"datePublished":"2018-07-13T20:21:42+00:00","dateModified":"2018-08-09T17:14:39+00:00","breadcrumb":{"@id":"https:\/\/dossies.agenciapatriciagalvao.org.br\/violencia-em-dados\/politica-de-privacidade\/#breadcrumb"},"inLanguage":"pt-BR","potentialAction":[{"@type":"ReadAction","target":["https:\/\/dossies.agenciapatriciagalvao.org.br\/violencia-em-dados\/politica-de-privacidade\/"]}]},{"@type":"BreadcrumbList","@id":"https:\/\/dossies.agenciapatriciagalvao.org.br\/violencia-em-dados\/politica-de-privacidade\/#breadcrumb","itemListElement":[{"@type":"ListItem","position":1,"name":"Home","item":"https:\/\/dossies.agenciapatriciagalvao.org.br\/violencia-em-dados\/"},{"@type":"ListItem","position":2,"name":"Pol\u00edtica de privacidade"}]},{"@type":"WebSite","@id":"https:\/\/dossies.agenciapatriciagalvao.org.br\/violencia-em-dados\/#website","url":"https:\/\/dossies.agenciapatriciagalvao.org.br\/violencia-em-dados\/","name":"Viol\u00eancia contra a mulher em dados","description":"&lt;strong&gt;Viol\u00eancia contra as Mulheres em Dados&lt;\/strong&gt; re\u00fane pesquisas e dados recentes relacionados \u00e0s viol\u00eancias contra as mulheres no Brasil, com base no monitoramento e curadoria realizados pelo Instituto Patr\u00edcia Galv\u00e3o \u2013 com foco na viol\u00eancia dom\u00e9stica, sexual e online, no feminic\u00eddio e na intersec\u00e7\u00e3o com o racismo e a LGBT+fobia.","potentialAction":[{"@type":"SearchAction","target":{"@type":"EntryPoint","urlTemplate":"https:\/\/dossies.agenciapatriciagalvao.org.br\/violencia-em-dados\/?s={search_term_string}"},"query-input":{"@type":"PropertyValueSpecification","valueRequired":true,"valueName":"search_term_string"}}],"inLanguage":"pt-BR"}]}},"_links":{"self":[{"href":"https:\/\/dossies.agenciapatriciagalvao.org.br\/violencia-em-dados\/wp-json\/wp\/v2\/pages\/207","targetHints":{"allow":["GET"]}}],"collection":[{"href":"https:\/\/dossies.agenciapatriciagalvao.org.br\/violencia-em-dados\/wp-json\/wp\/v2\/pages"}],"about":[{"href":"https:\/\/dossies.agenciapatriciagalvao.org.br\/violencia-em-dados\/wp-json\/wp\/v2\/types\/page"}],"author":[{"embeddable":true,"href":"https:\/\/dossies.agenciapatriciagalvao.org.br\/violencia-em-dados\/wp-json\/wp\/v2\/users\/1"}],"replies":[{"embeddable":true,"href":"https:\/\/dossies.agenciapatriciagalvao.org.br\/violencia-em-dados\/wp-json\/wp\/v2\/comments?post=207"}],"version-history":[{"count":3,"href":"https:\/\/dossies.agenciapatriciagalvao.org.br\/violencia-em-dados\/wp-json\/wp\/v2\/pages\/207\/revisions"}],"predecessor-version":[{"id":532,"href":"https:\/\/dossies.agenciapatriciagalvao.org.br\/violencia-em-dados\/wp-json\/wp\/v2\/pages\/207\/revisions\/532"}],"wp:attachment":[{"href":"https:\/\/dossies.agenciapatriciagalvao.org.br\/violencia-em-dados\/wp-json\/wp\/v2\/media?parent=207"}],"curies":[{"name":"wp","href":"https:\/\/api.w.org\/{rel}","templated":true}]}}

Política de privacidade

<p>A plataforma <a href="http://dossies.agenciapatriciagalvao.org.br/violencia-em-dados/violencia-contra-as-mulheres-em-dados-plataforma-reune-pesquisas-fontes-e-sinteses-sobre-o-problema-no-brasil/" target="_blank" rel="noopener">Violência contra as mulheres em dados</a> é uma iniciativa do Instituto Patrícia Galvão, criada em 2009 para atuar na produção de notícias e conteúdos sobre os direitos das mulheres brasileiras.</p>
<p>O site <a href="http://dossies.agenciapatriciagalvao.org.br/violencia-em-dados/violencia-contra-as-mulheres-em-dados-plataforma-reune-pesquisas-fontes-e-sinteses-sobre-o-problema-no-brasil/" target="_blank" rel="noopener">Violência contra as mulheres em dados</a> tem caráter gratuito e acesso livre. Todas as informações pessoais de usuários recolhidas serão usadas somente para tornar o seu acesso ao nosso site o mais produtivo e agradável possível e jamais serão utilizadas para fins comerciais.</p>
<p>A informação pessoal recolhida pode incluir o seu nome, e-mail, número de telefone e/ou outros. A garantia da confidencialidade dos dados pessoais dos utilizadores do nosso site é fundamental para o Instituto Patrícia Galvão.</p>
<p>Todas as informações cadastradas no site são mantidas em sigilo nos bancos de dados da plataforma <a href="http://dossies.agenciapatriciagalvao.org.br/violencia-em-dados/violencia-contra-as-mulheres-em-dados-plataforma-reune-pesquisas-fontes-e-sinteses-sobre-o-problema-no-brasil/" target="_blank" rel="noopener">Violência contra as mulheres em dados</a>.</p>
<p>O usuário, por sua vez, concorda que é proibido por lei:<br />
– prejudicar os direitos e interesses de terceiros;<br />
– inutilizar, modificar ou impedir, em todo ou em parte, qualquer área do site;<br />
– tentar violar os meios técnicos de proteção ao conteúdo do site.</p>
<p>Tal como outros websites, coletamos e utilizamos informações como seu endereço IP (Internet Protocol), seu ISP (Internet Service Provider), o browser que utilizou ao visitar o nosso site (como o Internet Explorer ou o Firefox), o tempo da sua visita e que páginas visitou dentro do nosso site.</p>
<p><strong>Ligações a sites de terceiros</strong></p>
<p>A Agência Patrícia Galvão possui ligações para outros sites que podem, a nosso ver, conter informações / ferramentas úteis para os nossos visitantes. Ressaltamos que a nossa política de privacidade não é aplicada a sites de terceiros e que, portando, o usuário que visitar outro site a partir do nosso deverá ler a política de privacidade do mesmo.</p>
<p>Não nos responsabilizamos pela política de privacidade ou conteúdo presente nesses mesmos sites.</p>
<p>As condições acima relacionadas se encontram amparadas através de normatizações brasileiras.</p>
<p>A partir do momento em que o usuário acessa o nosso site estará automaticamente aderindo e concordando expressamente com as condições aqui dispostas.</p>
<p>A equipe do Instituto Patrícia Galvão reserva-se ao direito de alterar este acordo sem aviso prévio. Deste modo, recomendamos que consulte a nossa política de privacidade com regularidade a fim de se manter atualizado.</p>

<p>A plataforma Violência contra as mulheres em dados é uma iniciativa do Instituto Patrícia Galvão, criada em 2009 para atuar na produção de notícias e conteúdos sobre os direitos das mulheres brasileiras. O site Violência contra as mulheres em dados tem caráter gratuito e acesso livre. Todas as informações pessoais de usuários recolhidas serão usadas somente para tornar o [&hellip;]</p>

<!-- This site is optimized with the Yoast SEO plugin v27.4 - https://yoast.com/product/yoast-seo-wordpress/ -->
<title>Política de privacidade - Violência contra a mulher em dados</title>
<meta name="robots" content="index, follow, max-snippet:-1, max-image-preview:large, max-video-preview:-1" />
<link rel="canonical" href="https://dossies.agenciapatriciagalvao.org.br/violencia-em-dados/politica-de-privacidade/" />
<meta property="og:locale" content="pt_BR" />
<meta property="og:type" content="article" />
<meta property="og:title" content="Política de privacidade - Violência contra a mulher em dados" />
<meta property="og:description" content="A plataforma Violência contra as mulheres em dados é uma iniciativa do Instituto Patrícia Galvão, criada em 2009 para atuar na produção de notícias e conteúdos sobre os direitos das mulheres brasileiras. O site Violência contra as mulheres em dados tem caráter gratuito e acesso livre. Todas as informações pessoais de usuários recolhidas serão usadas somente para tornar o [&hellip;]" />
<meta property="og:url" content="https://dossies.agenciapatriciagalvao.org.br/violencia-em-dados/politica-de-privacidade/" />
<meta property="og:site_name" content="Violência contra a mulher em dados" />
<meta property="article:modified_time" content="2018-08-09T17:14:39+00:00" />
<meta name="twitter:card" content="summary_large_image" />
<meta name="twitter:label1" content="Est. tempo de leitura" />
	<meta name="twitter:data1" content="2 minutos" />
<script type="application/ld+json" class="yoast-schema-graph">{"@context":"https:\/\/schema.org","@graph":[{"@type":"WebPage","@id":"https:\/\/dossies.agenciapatriciagalvao.org.br\/violencia-em-dados\/politica-de-privacidade\/","url":"https:\/\/dossies.agenciapatriciagalvao.org.br\/violencia-em-dados\/politica-de-privacidade\/","name":"Política de privacidade - Violência contra a mulher em dados","isPartOf":{"@id":"https:\/\/dossies.agenciapatriciagalvao.org.br\/violencia-em-dados\/#website"},"datePublished":"2018-07-13T20:21:42+00:00","dateModified":"2018-08-09T17:14:39+00:00","breadcrumb":{"@id":"https:\/\/dossies.agenciapatriciagalvao.org.br\/violencia-em-dados\/politica-de-privacidade\/#breadcrumb"},"inLanguage":"pt-BR","potentialAction":[{"@type":"ReadAction","target":["https:\/\/dossies.agenciapatriciagalvao.org.br\/violencia-em-dados\/politica-de-privacidade\/"]}]},{"@type":"BreadcrumbList","@id":"https:\/\/dossies.agenciapatriciagalvao.org.br\/violencia-em-dados\/politica-de-privacidade\/#breadcrumb","itemListElement":[{"@type":"ListItem","position":1,"name":"Home","item":"https:\/\/dossies.agenciapatriciagalvao.org.br\/violencia-em-dados\/"},{"@type":"ListItem","position":2,"name":"Política de privacidade"}]},{"@type":"WebSite","@id":"https:\/\/dossies.agenciapatriciagalvao.org.br\/violencia-em-dados\/#website","url":"https:\/\/dossies.agenciapatriciagalvao.org.br\/violencia-em-dados\/","name":"Violência contra a mulher em dados","description":"&lt;strong&gt;Violência contra as Mulheres em Dados&lt;\/strong&gt; reúne pesquisas e dados recentes relacionados às violências contra as mulheres no Brasil, com base no monitoramento e curadoria realizados pelo Instituto Patrícia Galvão – com foco na violência doméstica, sexual e online, no feminicídio e na intersecção com o racismo e a LGBT+fobia.","potentialAction":[{"@type":"SearchAction","target":{"@type":"EntryPoint","urlTemplate":"https:\/\/dossies.agenciapatriciagalvao.org.br\/violencia-em-dados\/?s={search_term_string}"},"query-input":{"@type":"PropertyValueSpecification","valueRequired":true,"valueName":"search_term_string"}}],"inLanguage":"pt-BR"}]}</script>
<!-- / Yoast SEO plugin. -->

Política de privacidade - Violência contra a mulher em dados

A plataforma Violência contra as mulheres em dados é uma iniciativa do Instituto Patrícia Galvão, criada em 2009 para atuar na produção de notícias e conteúdos sobre os direitos das mulheres brasileiras. O site Violência contra as mulheres em dados tem caráter gratuito e acesso livre. Todas as informações pessoais de usuários recolhidas serão usadas somente para tornar o [&hellip;]

Violência contra a mulher em dados

&lt;strong&gt;Violência contra as Mulheres em Dados&lt;/strong&gt; reúne pesquisas e dados recentes relacionados às violências contra as mulheres no Brasil, com base no monitoramento e curadoria realizados pelo Instituto Patrícia Galvão – com foco na violência doméstica, sexual e online, no feminicídio e na intersecção com o racismo e a LGBT+fobia.
