{"id":33,"date":"2016-03-02T13:23:18","date_gmt":"2016-03-02T13:23:18","guid":{"rendered":"http:\/\/dossies.agenciapatriciagalvao.org.br\/feminicidio\/?page_id=33"},"modified":"2016-11-02T14:47:46","modified_gmt":"2016-11-02T14:47:46","slug":"o-dossie","status":"publish","type":"page","link":"https:\/\/dossies.agenciapatriciagalvao.org.br\/feminicidio\/o-dossie\/","title":{"rendered":"Dossi\u00ea Feminic\u00eddio #InvisibilidadeMata"},"content":{"rendered":"<h1><\/h1>\n","protected":false},"excerpt":{"rendered":"<p>Nomear o problema \u2013 o feminic\u00eddio \u2013 \u00e9 certamente um passo fundamental. Mas, al\u00e9m de nomear, \u00e9 preciso conhecer sua dimens\u00e3o, compreender sua din\u00e2mica e desnaturalizar pr\u00e1ticas, enraizadas nas rela\u00e7\u00f5es pessoais e nas institui\u00e7\u00f5es, que colaboram para a perpetua\u00e7\u00e3o da viol\u00eancia de g\u00eanero. Para contribuir nesta frente, o Dossi\u00ea Feminic\u00eddio #InvisibilidadeMata busca elencar (e responder) perguntas essenciais que jornalistas, comunicadores, gestores e especialistas \u2013 mulheres e homens \u2013, enfim, a sociedade brasileira precisa fazer urgentemente. Saiba mais:<\/p>\n","protected":false},"author":1,"featured_media":0,"parent":0,"menu_order":0,"comment_status":"closed","ping_status":"closed","template":"page-dossie.php","meta":{"footnotes":""},"class_list":["post-33","page","type-page","status-publish","hentry"],"yoast_head":"<!-- This site is optimized with the Yoast SEO plugin v26.3 - https:\/\/yoast.com\/wordpress\/plugins\/seo\/ -->\n<title>Dossi\u00ea Feminic\u00eddio #InvisibilidadeMata - Dossi\u00ea Feminic\u00eddio<\/title>\n<meta name=\"robots\" content=\"index, follow, max-snippet:-1, max-image-preview:large, max-video-preview:-1\" \/>\n<link rel=\"canonical\" href=\"https:\/\/dossies.agenciapatriciagalvao.org.br\/feminicidio\/o-dossie\/\" \/>\n<meta property=\"og:locale\" content=\"pt_BR\" \/>\n<meta property=\"og:type\" content=\"article\" \/>\n<meta property=\"og:title\" content=\"Dossi\u00ea Feminic\u00eddio #InvisibilidadeMata - Dossi\u00ea Feminic\u00eddio\" \/>\n<meta property=\"og:description\" content=\"Nomear o problema \u2013 o feminic\u00eddio \u2013 \u00e9 certamente um passo fundamental. Mas, al\u00e9m de nomear, \u00e9 preciso conhecer sua dimens\u00e3o, compreender sua din\u00e2mica e desnaturalizar pr\u00e1ticas, enraizadas nas rela\u00e7\u00f5es pessoais e nas institui\u00e7\u00f5es, que colaboram para a perpetua\u00e7\u00e3o da viol\u00eancia de g\u00eanero. Para contribuir nesta frente, o Dossi\u00ea Feminic\u00eddio #InvisibilidadeMata busca elencar (e responder) perguntas essenciais que jornalistas, comunicadores, gestores e especialistas \u2013 mulheres e homens \u2013, enfim, a sociedade brasileira precisa fazer urgentemente. Saiba mais:\" \/>\n<meta property=\"og:url\" content=\"https:\/\/dossies.agenciapatriciagalvao.org.br\/feminicidio\/o-dossie\/\" \/>\n<meta property=\"og:site_name\" content=\"Dossi\u00ea Feminic\u00eddio\" \/>\n<meta property=\"article:modified_time\" content=\"2016-11-02T14:47:46+00:00\" \/>\n<meta name=\"twitter:card\" content=\"summary_large_image\" \/>\n<script type=\"application\/ld+json\" class=\"yoast-schema-graph\">{\"@context\":\"https:\/\/schema.org\",\"@graph\":[{\"@type\":\"WebPage\",\"@id\":\"https:\/\/dossies.agenciapatriciagalvao.org.br\/feminicidio\/o-dossie\/\",\"url\":\"https:\/\/dossies.agenciapatriciagalvao.org.br\/feminicidio\/o-dossie\/\",\"name\":\"Dossi\u00ea Feminic\u00eddio #InvisibilidadeMata - Dossi\u00ea Feminic\u00eddio\",\"isPartOf\":{\"@id\":\"https:\/\/dossies.agenciapatriciagalvao.org.br\/feminicidio\/#website\"},\"datePublished\":\"2016-03-02T13:23:18+00:00\",\"dateModified\":\"2016-11-02T14:47:46+00:00\",\"breadcrumb\":{\"@id\":\"https:\/\/dossies.agenciapatriciagalvao.org.br\/feminicidio\/o-dossie\/#breadcrumb\"},\"inLanguage\":\"pt-BR\",\"potentialAction\":[{\"@type\":\"ReadAction\",\"target\":[\"https:\/\/dossies.agenciapatriciagalvao.org.br\/feminicidio\/o-dossie\/\"]}]},{\"@type\":\"BreadcrumbList\",\"@id\":\"https:\/\/dossies.agenciapatriciagalvao.org.br\/feminicidio\/o-dossie\/#breadcrumb\",\"itemListElement\":[{\"@type\":\"ListItem\",\"position\":1,\"name\":\"In\u00edcio\",\"item\":\"https:\/\/dossies.agenciapatriciagalvao.org.br\/feminicidio\/\"},{\"@type\":\"ListItem\",\"position\":2,\"name\":\"Dossi\u00ea Feminic\u00eddio #InvisibilidadeMata\"}]},{\"@type\":\"WebSite\",\"@id\":\"https:\/\/dossies.agenciapatriciagalvao.org.br\/feminicidio\/#website\",\"url\":\"https:\/\/dossies.agenciapatriciagalvao.org.br\/feminicidio\/\",\"name\":\"Dossi\u00ea Feminic\u00eddio\",\"description\":\"&lt;strong&gt;Feminic\u00eddio&lt;\/strong&gt;. Nomear o problema \u00e9 uma forma de visibilizar um cen\u00e1rio grave: o Brasil convive com viol\u00eancias cotidianas contra as mulheres, o que resulta em um destaque perverso: \u00e9 o 5\u00ba pa\u00eds com maior taxa de assassinatos femininos no mundo. \u00c9 urgente questionar a perman\u00eancia de mortes evit\u00e1veis. &lt;strong&gt;#InvisibilidadeMata&lt;\/strong&gt;\",\"potentialAction\":[{\"@type\":\"SearchAction\",\"target\":{\"@type\":\"EntryPoint\",\"urlTemplate\":\"https:\/\/dossies.agenciapatriciagalvao.org.br\/feminicidio\/?s={search_term_string}\"},\"query-input\":{\"@type\":\"PropertyValueSpecification\",\"valueRequired\":true,\"valueName\":\"search_term_string\"}}],\"inLanguage\":\"pt-BR\"}]}<\/script>\n<!-- \/ Yoast SEO plugin. -->","yoast_head_json":{"title":"Dossi\u00ea Feminic\u00eddio #InvisibilidadeMata - Dossi\u00ea Feminic\u00eddio","robots":{"index":"index","follow":"follow","max-snippet":"max-snippet:-1","max-image-preview":"max-image-preview:large","max-video-preview":"max-video-preview:-1"},"canonical":"https:\/\/dossies.agenciapatriciagalvao.org.br\/feminicidio\/o-dossie\/","og_locale":"pt_BR","og_type":"article","og_title":"Dossi\u00ea Feminic\u00eddio #InvisibilidadeMata - Dossi\u00ea Feminic\u00eddio","og_description":"Nomear o problema \u2013 o feminic\u00eddio \u2013 \u00e9 certamente um passo fundamental. Mas, al\u00e9m de nomear, \u00e9 preciso conhecer sua dimens\u00e3o, compreender sua din\u00e2mica e desnaturalizar pr\u00e1ticas, enraizadas nas rela\u00e7\u00f5es pessoais e nas institui\u00e7\u00f5es, que colaboram para a perpetua\u00e7\u00e3o da viol\u00eancia de g\u00eanero. Para contribuir nesta frente, o Dossi\u00ea Feminic\u00eddio #InvisibilidadeMata busca elencar (e responder) perguntas essenciais que jornalistas, comunicadores, gestores e especialistas \u2013 mulheres e homens \u2013, enfim, a sociedade brasileira precisa fazer urgentemente. Saiba mais:","og_url":"https:\/\/dossies.agenciapatriciagalvao.org.br\/feminicidio\/o-dossie\/","og_site_name":"Dossi\u00ea Feminic\u00eddio","article_modified_time":"2016-11-02T14:47:46+00:00","twitter_card":"summary_large_image","schema":{"@context":"https:\/\/schema.org","@graph":[{"@type":"WebPage","@id":"https:\/\/dossies.agenciapatriciagalvao.org.br\/feminicidio\/o-dossie\/","url":"https:\/\/dossies.agenciapatriciagalvao.org.br\/feminicidio\/o-dossie\/","name":"Dossi\u00ea Feminic\u00eddio #InvisibilidadeMata - Dossi\u00ea Feminic\u00eddio","isPartOf":{"@id":"https:\/\/dossies.agenciapatriciagalvao.org.br\/feminicidio\/#website"},"datePublished":"2016-03-02T13:23:18+00:00","dateModified":"2016-11-02T14:47:46+00:00","breadcrumb":{"@id":"https:\/\/dossies.agenciapatriciagalvao.org.br\/feminicidio\/o-dossie\/#breadcrumb"},"inLanguage":"pt-BR","potentialAction":[{"@type":"ReadAction","target":["https:\/\/dossies.agenciapatriciagalvao.org.br\/feminicidio\/o-dossie\/"]}]},{"@type":"BreadcrumbList","@id":"https:\/\/dossies.agenciapatriciagalvao.org.br\/feminicidio\/o-dossie\/#breadcrumb","itemListElement":[{"@type":"ListItem","position":1,"name":"In\u00edcio","item":"https:\/\/dossies.agenciapatriciagalvao.org.br\/feminicidio\/"},{"@type":"ListItem","position":2,"name":"Dossi\u00ea Feminic\u00eddio #InvisibilidadeMata"}]},{"@type":"WebSite","@id":"https:\/\/dossies.agenciapatriciagalvao.org.br\/feminicidio\/#website","url":"https:\/\/dossies.agenciapatriciagalvao.org.br\/feminicidio\/","name":"Dossi\u00ea Feminic\u00eddio","description":"&lt;strong&gt;Feminic\u00eddio&lt;\/strong&gt;. Nomear o problema \u00e9 uma forma de visibilizar um cen\u00e1rio grave: o Brasil convive com viol\u00eancias cotidianas contra as mulheres, o que resulta em um destaque perverso: \u00e9 o 5\u00ba pa\u00eds com maior taxa de assassinatos femininos no mundo. \u00c9 urgente questionar a perman\u00eancia de mortes evit\u00e1veis. &lt;strong&gt;#InvisibilidadeMata&lt;\/strong&gt;","potentialAction":[{"@type":"SearchAction","target":{"@type":"EntryPoint","urlTemplate":"https:\/\/dossies.agenciapatriciagalvao.org.br\/feminicidio\/?s={search_term_string}"},"query-input":{"@type":"PropertyValueSpecification","valueRequired":true,"valueName":"search_term_string"}}],"inLanguage":"pt-BR"}]}},"_links":{"self":[{"href":"https:\/\/dossies.agenciapatriciagalvao.org.br\/feminicidio\/wp-json\/wp\/v2\/pages\/33","targetHints":{"allow":["GET"]}}],"collection":[{"href":"https:\/\/dossies.agenciapatriciagalvao.org.br\/feminicidio\/wp-json\/wp\/v2\/pages"}],"about":[{"href":"https:\/\/dossies.agenciapatriciagalvao.org.br\/feminicidio\/wp-json\/wp\/v2\/types\/page"}],"author":[{"embeddable":true,"href":"https:\/\/dossies.agenciapatriciagalvao.org.br\/feminicidio\/wp-json\/wp\/v2\/users\/1"}],"replies":[{"embeddable":true,"href":"https:\/\/dossies.agenciapatriciagalvao.org.br\/feminicidio\/wp-json\/wp\/v2\/comments?post=33"}],"version-history":[{"count":8,"href":"https:\/\/dossies.agenciapatriciagalvao.org.br\/feminicidio\/wp-json\/wp\/v2\/pages\/33\/revisions"}],"predecessor-version":[{"id":358,"href":"https:\/\/dossies.agenciapatriciagalvao.org.br\/feminicidio\/wp-json\/wp\/v2\/pages\/33\/revisions\/358"}],"wp:attachment":[{"href":"https:\/\/dossies.agenciapatriciagalvao.org.br\/feminicidio\/wp-json\/wp\/v2\/media?parent=33"}],"curies":[{"name":"wp","href":"https:\/\/api.w.org\/{rel}","templated":true}]}}