{"id":165,"date":"2018-07-04T13:37:19","date_gmt":"2018-07-04T16:37:19","guid":{"rendered":"http:\/\/dossies.agenciapatriciagalvao.org.br\/feminicidio\/?page_id=165"},"modified":"2018-07-04T16:23:16","modified_gmt":"2018-07-04T19:23:16","slug":"sobre-o-instituto-patricia-galvao","status":"publish","type":"page","link":"https:\/\/dossies.agenciapatriciagalvao.org.br\/feminicidio\/sobre-o-instituto-patricia-galvao\/","title":{"rendered":"Sobre o Instituto Patr\u00edcia Galv\u00e3o"},"content":{"rendered":"<p>Fundado em 2001, o <strong><em>Instituto Patr\u00edcia Galv\u00e3o &#8211; M\u00eddia e Direitos<\/em><\/strong> \u00e9 uma organiza\u00e7\u00e3o social sem fins lucrativos que atua nos campos dos direitos das mulheres e da comunica\u00e7\u00e3o. Sua miss\u00e3o \u00e9 contribuir para a qualifica\u00e7\u00e3o do debate p\u00fablico sobre quest\u00f5es cr\u00edticas para as mulheres\u00a0no Brasil, a partir de produ\u00e7\u00f5es de conte\u00fados, dossi\u00eas,\u00a0sugest\u00f5es de pautas e not\u00edcias junto \u00e0 imprensa e mobiliza\u00e7\u00e3o de m\u00eddias sociais, al\u00e9m de realiza\u00e7\u00e3o de pesquisas de opini\u00e3o, eventos e campanhas para fomentar a reflex\u00e3o social e demandar respostas do Estado e\/ou mudan\u00e7as na sociedade e na m\u00eddia.<\/p>\n<p>Com mais de 15 anos de atua\u00e7\u00e3o, o Instituto Patr\u00edcia Galv\u00e3o \u00e9 uma organiza\u00e7\u00e3o feminista de refer\u00eancia quando o tema em pauta se refere aos direitos das mulheres.\u00a0<em>Conhe\u00e7a algumas frentes de a\u00e7\u00e3o do Instituto:<\/em><\/p>\n<p>&#8211; Realiza <a href=\"http:\/\/agenciapatriciagalvao.org.br\/pesquisas\/\" target=\"_blank\" rel=\"noopener\">pesquisas de opini\u00e3o<\/a> qualitativas e quantitativas acerca de um determinado fen\u00f4meno ou situa\u00e7\u00e3o cr\u00edtica que atinge as mulheres na sua condi\u00e7\u00e3o de desigualdade de g\u00eanero.<\/p>\n<p>&#8211; Produz mat\u00e9rias jornal\u00edsticas,\u00a0pautas, informativos\u00a0e publica\u00e7\u00f5es\u00a0especiais impressas e online, disponibilizando dados e informa\u00e7\u00f5es atualizados e confi\u00e1veis sobre temas relevante dos direitos das mulheres, como por exemplo: viol\u00eancia sexual contra mulheres, feminic\u00eddio, mulheres na pol\u00edtica, representa\u00e7\u00e3o da imagem da mulher na m\u00eddia e epidemia do zika v\u00edrus, .<\/p>\n<p>&#8211; Produz dossi\u00eas especiais, elaborados com linguagem jornal\u00edstica, contendo entrevistas e an\u00e1lises relevantes (de especialista de diferentes campos \u2013 operadores\/as do Direito, gestoras\/es, pesquisadoras\/es e ativistas, entre outros),\u00a0compila\u00e7\u00e3o e sistematiza\u00e7\u00e3o de dados, resultados de estudos, estat\u00edsticas sociodemogr\u00e1ficas e pesquisas de opini\u00e3o. Como exemplos recentes, lan\u00e7ou, em 2015, \u00a0o\u00a0<a href=\"http:\/\/www.agenciapatriciagalvao.org.br\/dossie\/\" target=\"_blank\" rel=\"noopener\">Dossi\u00ea Viol\u00eancia contra as Mulheres<\/a> e, em 2016, o <a href=\"http:\/\/dossies.agenciapatriciagalvao.org.br\/feminicidio\" target=\"_blank\" rel=\"noopener\">Dossi\u00ea Feminic\u00eddio<\/a>.<\/p>\n<p>&#8211; Sensibiliza e mobiliza profissionais de imprensa e da comunica\u00e7\u00e3o digital por meio da realiza\u00e7\u00e3o de eventos com especialistas em que s\u00e3o apresentados Dossi\u00eas contendo dados e informa\u00e7\u00f5es atualizados sobre temas e emerg\u00eancias trabalhados pela institui\u00e7\u00e3o.<\/p>\n<p>&#8211; Realiza eventos de debate e reflex\u00e3o\u00a0sobre temas cr\u00edticos para as mulheres, como os <a href=\"http:\/\/agenciapatriciagalvao.org.br\/advocacy\/\" target=\"_blank\" rel=\"noopener\">Semin\u00e1rios Mulher e M\u00eddia<\/a> e o <a href=\"http:\/\/scovaw.org\/\" target=\"_blank\" rel=\"noopener\">Semin\u00e1rio Internacional Cultura da Viol\u00eancia contra as Mulheres<\/a>.<\/p>\n<p>&#8211; Realiza acompanhamento sistem\u00e1tico e an\u00e1lise da cobertura jornal\u00edstica sobre os temas em destaque na agenda de prioridade da institui\u00e7\u00e3o. Por exemplo, viol\u00eancia contra as mulheres, mulheres na pol\u00edtica, mulher e trabalho, epidemia zika e direitos das mulheres;<\/p>\n<p>&#8211; Contribui\u00a0para a qualifica\u00e7\u00e3o dos debates sobre a conceitua\u00e7\u00e3o, contextualiza\u00e7\u00e3o e caracter\u00edsticas de quest\u00f5es relevantes dos direitos das mulheres a partir da disponibiliza\u00e7\u00e3o sistem\u00e1tica de dados,\u00a0informa\u00e7\u00f5es atualizadas, mat\u00e9rias jornal\u00edsticas e conte\u00fados no Portal da <a href=\"http:\/\/agenciapatriciagalvao.org.br\/\" target=\"_blank\" rel=\"noopener\">Ag\u00eancia Patr\u00edcia Galv\u00e3o<\/a>.<\/p>\n<p><em><strong>Equipe:<\/strong><\/em><\/p>\n<p><strong>Diretora executiva<\/strong><br \/>\nJacira Vieira de Melo<\/p>\n<p><strong>Vice diretora executiva<\/strong><br \/>\nMarilia Kayano<\/p>\n<p><strong>Coordenadora administrativa e financeira<\/strong><br \/>\nMarilene Oliveira<\/p>\n<p><strong>Diretora de conte\u00fados e editora-chefe<\/strong><br \/>\nMarisa Sanematsu<\/p>\n<p><strong>Editora executiva\u00a0<\/strong><br \/>\nD\u00e9bora Prado<\/p>\n<p><strong>Assistente de reda\u00e7\u00e3o<\/strong><br \/>\nTainah Fernandes<\/p>\n","protected":false},"excerpt":{"rendered":"<p>Com 15 anos de atua\u00e7\u00e3o, o Instituto Patr\u00edcia Galv\u00e3o \u00e9 uma organiza\u00e7\u00e3o feminista de refer\u00eancia no campo dos direitos das mulheres e da comunica\u00e7\u00e3o. <\/p>\n","protected":false},"author":1,"featured_media":0,"parent":0,"menu_order":0,"comment_status":"closed","ping_status":"closed","template":"","meta":{"footnotes":""},"class_list":["post-165","page","type-page","status-publish","hentry"],"yoast_head":"<!-- This site is optimized with the Yoast SEO plugin v27.4 - https:\/\/yoast.com\/product\/yoast-seo-wordpress\/ -->\n<title>Sobre o Instituto Patr\u00edcia Galv\u00e3o - Dossi\u00ea Feminic\u00eddio<\/title>\n<meta name=\"robots\" content=\"index, follow, max-snippet:-1, max-image-preview:large, max-video-preview:-1\" \/>\n<link rel=\"canonical\" href=\"https:\/\/dossies.agenciapatriciagalvao.org.br\/feminicidio\/sobre-o-instituto-patricia-galvao\/\" \/>\n<meta property=\"og:locale\" content=\"pt_BR\" \/>\n<meta property=\"og:type\" content=\"article\" \/>\n<meta property=\"og:title\" content=\"Sobre o Instituto Patr\u00edcia Galv\u00e3o - Dossi\u00ea Feminic\u00eddio\" \/>\n<meta property=\"og:description\" content=\"Com 15 anos de atua\u00e7\u00e3o, o Instituto Patr\u00edcia Galv\u00e3o \u00e9 uma organiza\u00e7\u00e3o feminista de refer\u00eancia no campo dos direitos das mulheres e da comunica\u00e7\u00e3o.\" \/>\n<meta property=\"og:url\" content=\"https:\/\/dossies.agenciapatriciagalvao.org.br\/feminicidio\/sobre-o-instituto-patricia-galvao\/\" \/>\n<meta property=\"og:site_name\" content=\"Dossi\u00ea Feminic\u00eddio\" \/>\n<meta property=\"article:modified_time\" content=\"2018-07-04T19:23:16+00:00\" \/>\n<meta name=\"twitter:card\" content=\"summary_large_image\" \/>\n<meta name=\"twitter:label1\" content=\"Est. tempo de leitura\" \/>\n\t<meta name=\"twitter:data1\" content=\"3 minutos\" \/>\n<script type=\"application\/ld+json\" class=\"yoast-schema-graph\">{\"@context\":\"https:\\\/\\\/schema.org\",\"@graph\":[{\"@type\":\"WebPage\",\"@id\":\"https:\\\/\\\/dossies.agenciapatriciagalvao.org.br\\\/feminicidio\\\/sobre-o-instituto-patricia-galvao\\\/\",\"url\":\"https:\\\/\\\/dossies.agenciapatriciagalvao.org.br\\\/feminicidio\\\/sobre-o-instituto-patricia-galvao\\\/\",\"name\":\"Sobre o Instituto Patr\u00edcia Galv\u00e3o - Dossi\u00ea Feminic\u00eddio\",\"isPartOf\":{\"@id\":\"https:\\\/\\\/dossies.agenciapatriciagalvao.org.br\\\/feminicidio\\\/#website\"},\"datePublished\":\"2018-07-04T16:37:19+00:00\",\"dateModified\":\"2018-07-04T19:23:16+00:00\",\"breadcrumb\":{\"@id\":\"https:\\\/\\\/dossies.agenciapatriciagalvao.org.br\\\/feminicidio\\\/sobre-o-instituto-patricia-galvao\\\/#breadcrumb\"},\"inLanguage\":\"pt-BR\",\"potentialAction\":[{\"@type\":\"ReadAction\",\"target\":[\"https:\\\/\\\/dossies.agenciapatriciagalvao.org.br\\\/feminicidio\\\/sobre-o-instituto-patricia-galvao\\\/\"]}]},{\"@type\":\"BreadcrumbList\",\"@id\":\"https:\\\/\\\/dossies.agenciapatriciagalvao.org.br\\\/feminicidio\\\/sobre-o-instituto-patricia-galvao\\\/#breadcrumb\",\"itemListElement\":[{\"@type\":\"ListItem\",\"position\":1,\"name\":\"In\u00edcio\",\"item\":\"https:\\\/\\\/dossies.agenciapatriciagalvao.org.br\\\/feminicidio\\\/\"},{\"@type\":\"ListItem\",\"position\":2,\"name\":\"Sobre o Instituto Patr\u00edcia Galv\u00e3o\"}]},{\"@type\":\"WebSite\",\"@id\":\"https:\\\/\\\/dossies.agenciapatriciagalvao.org.br\\\/feminicidio\\\/#website\",\"url\":\"https:\\\/\\\/dossies.agenciapatriciagalvao.org.br\\\/feminicidio\\\/\",\"name\":\"Dossi\u00ea Feminic\u00eddio\",\"description\":\"&lt;strong&gt;Feminic\u00eddio&lt;\\\/strong&gt;. Nomear o problema \u00e9 uma forma de visibilizar um cen\u00e1rio grave: o Brasil convive com viol\u00eancias cotidianas contra as mulheres, o que resulta em um destaque perverso: \u00e9 o 5\u00ba pa\u00eds com maior taxa de assassinatos femininos no mundo. \u00c9 urgente questionar a perman\u00eancia de mortes evit\u00e1veis. &lt;strong&gt;#InvisibilidadeMata&lt;\\\/strong&gt;\",\"potentialAction\":[{\"@type\":\"SearchAction\",\"target\":{\"@type\":\"EntryPoint\",\"urlTemplate\":\"https:\\\/\\\/dossies.agenciapatriciagalvao.org.br\\\/feminicidio\\\/?s={search_term_string}\"},\"query-input\":{\"@type\":\"PropertyValueSpecification\",\"valueRequired\":true,\"valueName\":\"search_term_string\"}}],\"inLanguage\":\"pt-BR\"}]}<\/script>\n<!-- \/ Yoast SEO plugin. -->","yoast_head_json":{"title":"Sobre o Instituto Patr\u00edcia Galv\u00e3o - Dossi\u00ea Feminic\u00eddio","robots":{"index":"index","follow":"follow","max-snippet":"max-snippet:-1","max-image-preview":"max-image-preview:large","max-video-preview":"max-video-preview:-1"},"canonical":"https:\/\/dossies.agenciapatriciagalvao.org.br\/feminicidio\/sobre-o-instituto-patricia-galvao\/","og_locale":"pt_BR","og_type":"article","og_title":"Sobre o Instituto Patr\u00edcia Galv\u00e3o - Dossi\u00ea Feminic\u00eddio","og_description":"Com 15 anos de atua\u00e7\u00e3o, o Instituto Patr\u00edcia Galv\u00e3o \u00e9 uma organiza\u00e7\u00e3o feminista de refer\u00eancia no campo dos direitos das mulheres e da comunica\u00e7\u00e3o.","og_url":"https:\/\/dossies.agenciapatriciagalvao.org.br\/feminicidio\/sobre-o-instituto-patricia-galvao\/","og_site_name":"Dossi\u00ea Feminic\u00eddio","article_modified_time":"2018-07-04T19:23:16+00:00","twitter_card":"summary_large_image","twitter_misc":{"Est. tempo de leitura":"3 minutos"},"schema":{"@context":"https:\/\/schema.org","@graph":[{"@type":"WebPage","@id":"https:\/\/dossies.agenciapatriciagalvao.org.br\/feminicidio\/sobre-o-instituto-patricia-galvao\/","url":"https:\/\/dossies.agenciapatriciagalvao.org.br\/feminicidio\/sobre-o-instituto-patricia-galvao\/","name":"Sobre o Instituto Patr\u00edcia Galv\u00e3o - Dossi\u00ea Feminic\u00eddio","isPartOf":{"@id":"https:\/\/dossies.agenciapatriciagalvao.org.br\/feminicidio\/#website"},"datePublished":"2018-07-04T16:37:19+00:00","dateModified":"2018-07-04T19:23:16+00:00","breadcrumb":{"@id":"https:\/\/dossies.agenciapatriciagalvao.org.br\/feminicidio\/sobre-o-instituto-patricia-galvao\/#breadcrumb"},"inLanguage":"pt-BR","potentialAction":[{"@type":"ReadAction","target":["https:\/\/dossies.agenciapatriciagalvao.org.br\/feminicidio\/sobre-o-instituto-patricia-galvao\/"]}]},{"@type":"BreadcrumbList","@id":"https:\/\/dossies.agenciapatriciagalvao.org.br\/feminicidio\/sobre-o-instituto-patricia-galvao\/#breadcrumb","itemListElement":[{"@type":"ListItem","position":1,"name":"In\u00edcio","item":"https:\/\/dossies.agenciapatriciagalvao.org.br\/feminicidio\/"},{"@type":"ListItem","position":2,"name":"Sobre o Instituto Patr\u00edcia Galv\u00e3o"}]},{"@type":"WebSite","@id":"https:\/\/dossies.agenciapatriciagalvao.org.br\/feminicidio\/#website","url":"https:\/\/dossies.agenciapatriciagalvao.org.br\/feminicidio\/","name":"Dossi\u00ea Feminic\u00eddio","description":"&lt;strong&gt;Feminic\u00eddio&lt;\/strong&gt;. Nomear o problema \u00e9 uma forma de visibilizar um cen\u00e1rio grave: o Brasil convive com viol\u00eancias cotidianas contra as mulheres, o que resulta em um destaque perverso: \u00e9 o 5\u00ba pa\u00eds com maior taxa de assassinatos femininos no mundo. \u00c9 urgente questionar a perman\u00eancia de mortes evit\u00e1veis. &lt;strong&gt;#InvisibilidadeMata&lt;\/strong&gt;","potentialAction":[{"@type":"SearchAction","target":{"@type":"EntryPoint","urlTemplate":"https:\/\/dossies.agenciapatriciagalvao.org.br\/feminicidio\/?s={search_term_string}"},"query-input":{"@type":"PropertyValueSpecification","valueRequired":true,"valueName":"search_term_string"}}],"inLanguage":"pt-BR"}]}},"_links":{"self":[{"href":"https:\/\/dossies.agenciapatriciagalvao.org.br\/feminicidio\/wp-json\/wp\/v2\/pages\/165","targetHints":{"allow":["GET"]}}],"collection":[{"href":"https:\/\/dossies.agenciapatriciagalvao.org.br\/feminicidio\/wp-json\/wp\/v2\/pages"}],"about":[{"href":"https:\/\/dossies.agenciapatriciagalvao.org.br\/feminicidio\/wp-json\/wp\/v2\/types\/page"}],"author":[{"embeddable":true,"href":"https:\/\/dossies.agenciapatriciagalvao.org.br\/feminicidio\/wp-json\/wp\/v2\/users\/1"}],"replies":[{"embeddable":true,"href":"https:\/\/dossies.agenciapatriciagalvao.org.br\/feminicidio\/wp-json\/wp\/v2\/comments?post=165"}],"version-history":[{"count":16,"href":"https:\/\/dossies.agenciapatriciagalvao.org.br\/feminicidio\/wp-json\/wp\/v2\/pages\/165\/revisions"}],"predecessor-version":[{"id":417,"href":"https:\/\/dossies.agenciapatriciagalvao.org.br\/feminicidio\/wp-json\/wp\/v2\/pages\/165\/revisions\/417"}],"wp:attachment":[{"href":"https:\/\/dossies.agenciapatriciagalvao.org.br\/feminicidio\/wp-json\/wp\/v2\/media?parent=165"}],"curies":[{"name":"wp","href":"https:\/\/api.w.org\/{rel}","templated":true}]}}

Sobre o Instituto Patrícia Galvão

<p>Fundado em 2001, o <strong><em>Instituto Patrícia Galvão &#8211; Mídia e Direitos</em></strong> é uma organização social sem fins lucrativos que atua nos campos dos direitos das mulheres e da comunicação. Sua missão é contribuir para a qualificação do debate público sobre questões críticas para as mulheres no Brasil, a partir de produções de conteúdos, dossiês, sugestões de pautas e notícias junto à imprensa e mobilização de mídias sociais, além de realização de pesquisas de opinião, eventos e campanhas para fomentar a reflexão social e demandar respostas do Estado e/ou mudanças na sociedade e na mídia.</p>
<p>Com mais de 15 anos de atuação, o Instituto Patrícia Galvão é uma organização feminista de referência quando o tema em pauta se refere aos direitos das mulheres. <em>Conheça algumas frentes de ação do Instituto:</em></p>
<p>&#8211; Realiza <a href="http://agenciapatriciagalvao.org.br/pesquisas/" target="_blank" rel="noopener">pesquisas de opinião</a> qualitativas e quantitativas acerca de um determinado fenômeno ou situação crítica que atinge as mulheres na sua condição de desigualdade de gênero.</p>
<p>&#8211; Produz matérias jornalísticas, pautas, informativos e publicações especiais impressas e online, disponibilizando dados e informações atualizados e confiáveis sobre temas relevante dos direitos das mulheres, como por exemplo: violência sexual contra mulheres, feminicídio, mulheres na política, representação da imagem da mulher na mídia e epidemia do zika vírus, .</p>
<p>&#8211; Produz dossiês especiais, elaborados com linguagem jornalística, contendo entrevistas e análises relevantes (de especialista de diferentes campos – operadores/as do Direito, gestoras/es, pesquisadoras/es e ativistas, entre outros), compilação e sistematização de dados, resultados de estudos, estatísticas sociodemográficas e pesquisas de opinião. Como exemplos recentes, lançou, em 2015,  o <a href="http://www.agenciapatriciagalvao.org.br/dossie/" target="_blank" rel="noopener">Dossiê Violência contra as Mulheres</a> e, em 2016, o <a href="http://dossies.agenciapatriciagalvao.org.br/feminicidio" target="_blank" rel="noopener">Dossiê Feminicídio</a>.</p>
<p>&#8211; Sensibiliza e mobiliza profissionais de imprensa e da comunicação digital por meio da realização de eventos com especialistas em que são apresentados Dossiês contendo dados e informações atualizados sobre temas e emergências trabalhados pela instituição.</p>
<p>&#8211; Realiza eventos de debate e reflexão sobre temas críticos para as mulheres, como os <a href="http://agenciapatriciagalvao.org.br/advocacy/" target="_blank" rel="noopener">Seminários Mulher e Mídia</a> e o <a href="http://scovaw.org/" target="_blank" rel="noopener">Seminário Internacional Cultura da Violência contra as Mulheres</a>.</p>
<p>&#8211; Realiza acompanhamento sistemático e análise da cobertura jornalística sobre os temas em destaque na agenda de prioridade da instituição. Por exemplo, violência contra as mulheres, mulheres na política, mulher e trabalho, epidemia zika e direitos das mulheres;</p>
<p>&#8211; Contribui para a qualificação dos debates sobre a conceituação, contextualização e características de questões relevantes dos direitos das mulheres a partir da disponibilização sistemática de dados, informações atualizadas, matérias jornalísticas e conteúdos no Portal da <a href="http://agenciapatriciagalvao.org.br/" target="_blank" rel="noopener">Agência Patrícia Galvão</a>.</p>
<p><em><strong>Equipe:</strong></em></p>
<p><strong>Diretora executiva</strong><br />
Jacira Vieira de Melo</p>
<p><strong>Vice diretora executiva</strong><br />
Marilia Kayano</p>
<p><strong>Coordenadora administrativa e financeira</strong><br />
Marilene Oliveira</p>
<p><strong>Diretora de conteúdos e editora-chefe</strong><br />
Marisa Sanematsu</p>
<p><strong>Editora executiva </strong><br />
Débora Prado</p>
<p><strong>Assistente de redação</strong><br />
Tainah Fernandes</p>

<p>Com 15 anos de atuação, o Instituto Patrícia Galvão é uma organização feminista de referência no campo dos direitos das mulheres e da comunicação. </p>

<!-- This site is optimized with the Yoast SEO plugin v27.4 - https://yoast.com/product/yoast-seo-wordpress/ -->
<title>Sobre o Instituto Patrícia Galvão - Dossiê Feminicídio</title>
<meta name="robots" content="index, follow, max-snippet:-1, max-image-preview:large, max-video-preview:-1" />
<link rel="canonical" href="https://dossies.agenciapatriciagalvao.org.br/feminicidio/sobre-o-instituto-patricia-galvao/" />
<meta property="og:locale" content="pt_BR" />
<meta property="og:type" content="article" />
<meta property="og:title" content="Sobre o Instituto Patrícia Galvão - Dossiê Feminicídio" />
<meta property="og:description" content="Com 15 anos de atuação, o Instituto Patrícia Galvão é uma organização feminista de referência no campo dos direitos das mulheres e da comunicação." />
<meta property="og:url" content="https://dossies.agenciapatriciagalvao.org.br/feminicidio/sobre-o-instituto-patricia-galvao/" />
<meta property="og:site_name" content="Dossiê Feminicídio" />
<meta property="article:modified_time" content="2018-07-04T19:23:16+00:00" />
<meta name="twitter:card" content="summary_large_image" />
<meta name="twitter:label1" content="Est. tempo de leitura" />
	<meta name="twitter:data1" content="3 minutos" />
<script type="application/ld+json" class="yoast-schema-graph">{"@context":"https:\/\/schema.org","@graph":[{"@type":"WebPage","@id":"https:\/\/dossies.agenciapatriciagalvao.org.br\/feminicidio\/sobre-o-instituto-patricia-galvao\/","url":"https:\/\/dossies.agenciapatriciagalvao.org.br\/feminicidio\/sobre-o-instituto-patricia-galvao\/","name":"Sobre o Instituto Patrícia Galvão - Dossiê Feminicídio","isPartOf":{"@id":"https:\/\/dossies.agenciapatriciagalvao.org.br\/feminicidio\/#website"},"datePublished":"2018-07-04T16:37:19+00:00","dateModified":"2018-07-04T19:23:16+00:00","breadcrumb":{"@id":"https:\/\/dossies.agenciapatriciagalvao.org.br\/feminicidio\/sobre-o-instituto-patricia-galvao\/#breadcrumb"},"inLanguage":"pt-BR","potentialAction":[{"@type":"ReadAction","target":["https:\/\/dossies.agenciapatriciagalvao.org.br\/feminicidio\/sobre-o-instituto-patricia-galvao\/"]}]},{"@type":"BreadcrumbList","@id":"https:\/\/dossies.agenciapatriciagalvao.org.br\/feminicidio\/sobre-o-instituto-patricia-galvao\/#breadcrumb","itemListElement":[{"@type":"ListItem","position":1,"name":"Início","item":"https:\/\/dossies.agenciapatriciagalvao.org.br\/feminicidio\/"},{"@type":"ListItem","position":2,"name":"Sobre o Instituto Patrícia Galvão"}]},{"@type":"WebSite","@id":"https:\/\/dossies.agenciapatriciagalvao.org.br\/feminicidio\/#website","url":"https:\/\/dossies.agenciapatriciagalvao.org.br\/feminicidio\/","name":"Dossiê Feminicídio","description":"&lt;strong&gt;Feminicídio&lt;\/strong&gt;. Nomear o problema é uma forma de visibilizar um cenário grave: o Brasil convive com violências cotidianas contra as mulheres, o que resulta em um destaque perverso: é o 5º país com maior taxa de assassinatos femininos no mundo. É urgente questionar a permanência de mortes evitáveis. &lt;strong&gt;#InvisibilidadeMata&lt;\/strong&gt;","potentialAction":[{"@type":"SearchAction","target":{"@type":"EntryPoint","urlTemplate":"https:\/\/dossies.agenciapatriciagalvao.org.br\/feminicidio\/?s={search_term_string}"},"query-input":{"@type":"PropertyValueSpecification","valueRequired":true,"valueName":"search_term_string"}}],"inLanguage":"pt-BR"}]}</script>
<!-- / Yoast SEO plugin. -->

Sobre o Instituto Patrícia Galvão - Dossiê Feminicídio

Com 15 anos de atuação, o Instituto Patrícia Galvão é uma organização feminista de referência no campo dos direitos das mulheres e da comunicação.

Dossiê Feminicídio

Início

&lt;strong&gt;Feminicídio&lt;/strong&gt;. Nomear o problema é uma forma de visibilizar um cenário grave: o Brasil convive com violências cotidianas contra as mulheres, o que resulta em um destaque perverso: é o 5º país com maior taxa de assassinatos femininos no mundo. É urgente questionar a permanência de mortes evitáveis. &lt;strong&gt;#InvisibilidadeMata&lt;/strong&gt;
