{"id":378,"date":"2015-07-21T22:26:11","date_gmt":"2015-07-21T22:26:11","guid":{"rendered":"http:\/\/www.agenciapatriciagalvao.org.br\/dossie\/?page_id=378"},"modified":"2018-08-17T21:27:47","modified_gmt":"2018-08-17T21:27:47","slug":"termos-de-uso","status":"publish","type":"page","link":"https:\/\/dossies.agenciapatriciagalvao.org.br\/dados-e-fontes\/termos-de-uso\/","title":{"rendered":"Termos de uso"},"content":{"rendered":"<p>O <em>Dados e Fontes\u00a0<\/em>\u00e9 uma iniciativa do Instituto Patr\u00edcia Galv\u00e3o, criado em 2015 para apoiar a produ\u00e7\u00e3o de not\u00edcias e conte\u00fados sobre os direitos das mulheres no Brasil.<\/p>\n<p>Todo e qualquer conte\u00fado produzido pelo Instituto\u00a0Patr\u00edcia Galv\u00e3o pode ser reproduzido livremente e sem custos, desde que citada a fonte\/autoria, que deve incluir o nome do autor da foto, v\u00eddeo, \u00e1udio e\/ou texto, bem como o da institui\u00e7\u00e3o e, quando poss\u00edvel, o link para a p\u00e1gina em que o conte\u00fado foi originalmente publicado.<\/p>\n<p>A licen\u00e7a adotada \u00e9 a Creative Commons 3.0, que estabelece que:<\/p>\n<p><em>O usu\u00e1rio tem o direito de:<\/em><br \/>\nCompartilhar \u2014 copiar e redistribuir o material em qualquer suporte ou formato.<br \/>\nAdaptar \u2014 remixar, transformar e criar a partir do material para qualquer fim, mesmo que comercial. O licenciante n\u00e3o pode revogar estes direitos desde que voc\u00ea respeite os termos da licen\u00e7a.<\/p>\n<p><em>De acordo com os termos seguintes:<\/em><br \/>\nAtribui\u00e7\u00e3o: voc\u00ea deve atribuir o devido cr\u00e9dito, fornecer um link para a licen\u00e7a e indicar se forem feitas altera\u00e7\u00f5es. Voc\u00ea pode faz\u00ea-lo de qualquer forma razo\u00e1vel, mas n\u00e3o de uma forma que sugira que o licenciante o apoia ou aprova o seu uso.<\/p>\n<p>Sem restri\u00e7\u00f5es adicionais \u2014 voc\u00ea n\u00e3o pode aplicar termos jur\u00eddicos ou medidas de car\u00e1ter tecnol\u00f3gico que restrinjam legalmente outros de fazerem algo que a licen\u00e7a permita.<\/p>\n<p><em>Avisos:<\/em><br \/>\nVoc\u00ea n\u00e3o tem de cumprir com os termos da licen\u00e7a relativamente a elementos do material que estejam no dom\u00ednio p\u00fablico ou cuja utiliza\u00e7\u00e3o seja permitida por uma exce\u00e7\u00e3o ou limita\u00e7\u00e3o que seja aplic\u00e1vel.<\/p>\n<p>N\u00e3o s\u00e3o dadas quaisquer garantias. A licen\u00e7a pode n\u00e3o lhe dar todas as autoriza\u00e7\u00f5es necess\u00e1rias para o uso pretendido. Por exemplo, outros direitos, tais como direitos de imagem, de privacidade ou direitos morais, podem limitar o uso do material.<\/p>\n<p><strong>A \u00edntegra da licen\u00e7a pode ser consultada no link: <\/strong><br \/>\n<strong><a href=\"http:\/\/creativecommons.org\/licenses\/by\/3.0\/br\/legalcode\" target=\"_blank\" rel=\"noopener\">http:\/\/creativecommons.org\/licenses\/by\/3.0\/br\/legalcode<\/a><\/strong><\/p>\n","protected":false},"excerpt":{"rendered":"<p>O Dados e Fontes\u00a0\u00e9 uma iniciativa do Instituto Patr\u00edcia Galv\u00e3o, criado em 2015 para apoiar a produ\u00e7\u00e3o de not\u00edcias e conte\u00fados sobre os direitos das mulheres no Brasil. Todo e [&hellip;]<\/p>\n","protected":false},"author":1,"featured_media":0,"parent":0,"menu_order":0,"comment_status":"open","ping_status":"open","template":"","meta":{"footnotes":""},"class_list":["post-378","page","type-page","status-publish","hentry"],"yoast_head":"<!-- This site is optimized with the Yoast SEO plugin v27.4 - https:\/\/yoast.com\/product\/yoast-seo-wordpress\/ -->\n<title>Termos de uso - Dados e Fontes<\/title>\n<meta name=\"robots\" content=\"index, follow, max-snippet:-1, max-image-preview:large, max-video-preview:-1\" \/>\n<link rel=\"canonical\" href=\"https:\/\/dossies.agenciapatriciagalvao.org.br\/dados-e-fontes\/termos-de-uso\/\" \/>\n<meta property=\"og:locale\" content=\"pt_BR\" \/>\n<meta property=\"og:type\" content=\"article\" \/>\n<meta property=\"og:title\" content=\"Termos de uso - Dados e Fontes\" \/>\n<meta property=\"og:description\" content=\"O Dados e Fontes\u00a0\u00e9 uma iniciativa do Instituto Patr\u00edcia Galv\u00e3o, criado em 2015 para apoiar a produ\u00e7\u00e3o de not\u00edcias e conte\u00fados sobre os direitos das mulheres no Brasil. Todo e [&hellip;]\" \/>\n<meta property=\"og:url\" content=\"https:\/\/dossies.agenciapatriciagalvao.org.br\/dados-e-fontes\/termos-de-uso\/\" \/>\n<meta property=\"og:site_name\" content=\"Dados e Fontes\" \/>\n<meta property=\"article:modified_time\" content=\"2018-08-17T21:27:47+00:00\" \/>\n<meta property=\"og:image\" content=\"https:\/\/assets-dossies-ipg-v2.nyc3.digitaloceanspaces.com\/sites\/3\/2019\/09\/logo-dados-e-fontes.png\" \/>\n\t<meta property=\"og:image:width\" content=\"500\" \/>\n\t<meta property=\"og:image:height\" content=\"400\" \/>\n\t<meta property=\"og:image:type\" content=\"image\/png\" \/>\n<meta name=\"twitter:card\" content=\"summary_large_image\" \/>\n<meta name=\"twitter:label1\" content=\"Est. tempo de leitura\" \/>\n\t<meta name=\"twitter:data1\" content=\"2 minutos\" \/>\n<script type=\"application\/ld+json\" class=\"yoast-schema-graph\">{\"@context\":\"https:\\\/\\\/schema.org\",\"@graph\":[{\"@type\":\"WebPage\",\"@id\":\"https:\\\/\\\/dossies.agenciapatriciagalvao.org.br\\\/dados-e-fontes\\\/termos-de-uso\\\/\",\"url\":\"https:\\\/\\\/dossies.agenciapatriciagalvao.org.br\\\/dados-e-fontes\\\/termos-de-uso\\\/\",\"name\":\"Termos de uso - Dados e Fontes\",\"isPartOf\":{\"@id\":\"https:\\\/\\\/dossies.agenciapatriciagalvao.org.br\\\/dados-e-fontes\\\/#website\"},\"datePublished\":\"2015-07-21T22:26:11+00:00\",\"dateModified\":\"2018-08-17T21:27:47+00:00\",\"breadcrumb\":{\"@id\":\"https:\\\/\\\/dossies.agenciapatriciagalvao.org.br\\\/dados-e-fontes\\\/termos-de-uso\\\/#breadcrumb\"},\"inLanguage\":\"pt-BR\",\"potentialAction\":[{\"@type\":\"ReadAction\",\"target\":[\"https:\\\/\\\/dossies.agenciapatriciagalvao.org.br\\\/dados-e-fontes\\\/termos-de-uso\\\/\"]}]},{\"@type\":\"BreadcrumbList\",\"@id\":\"https:\\\/\\\/dossies.agenciapatriciagalvao.org.br\\\/dados-e-fontes\\\/termos-de-uso\\\/#breadcrumb\",\"itemListElement\":[{\"@type\":\"ListItem\",\"position\":1,\"name\":\"In\u00edcio\",\"item\":\"https:\\\/\\\/dossies.agenciapatriciagalvao.org.br\\\/dados-e-fontes\\\/\"},{\"@type\":\"ListItem\",\"position\":2,\"name\":\"Termos de uso\"}]},{\"@type\":\"WebSite\",\"@id\":\"https:\\\/\\\/dossies.agenciapatriciagalvao.org.br\\\/dados-e-fontes\\\/#website\",\"url\":\"https:\\\/\\\/dossies.agenciapatriciagalvao.org.br\\\/dados-e-fontes\\\/\",\"name\":\"Dados e Fontes\",\"description\":\"Banco com pesquisas, dados e fontes sobre a viol\u00eancia contra a mulher\",\"potentialAction\":[{\"@type\":\"SearchAction\",\"target\":{\"@type\":\"EntryPoint\",\"urlTemplate\":\"https:\\\/\\\/dossies.agenciapatriciagalvao.org.br\\\/dados-e-fontes\\\/?s={search_term_string}\"},\"query-input\":{\"@type\":\"PropertyValueSpecification\",\"valueRequired\":true,\"valueName\":\"search_term_string\"}}],\"inLanguage\":\"pt-BR\"}]}<\/script>\n<!-- \/ Yoast SEO plugin. -->","yoast_head_json":{"title":"Termos de uso - Dados e Fontes","robots":{"index":"index","follow":"follow","max-snippet":"max-snippet:-1","max-image-preview":"max-image-preview:large","max-video-preview":"max-video-preview:-1"},"canonical":"https:\/\/dossies.agenciapatriciagalvao.org.br\/dados-e-fontes\/termos-de-uso\/","og_locale":"pt_BR","og_type":"article","og_title":"Termos de uso - Dados e Fontes","og_description":"O Dados e Fontes\u00a0\u00e9 uma iniciativa do Instituto Patr\u00edcia Galv\u00e3o, criado em 2015 para apoiar a produ\u00e7\u00e3o de not\u00edcias e conte\u00fados sobre os direitos das mulheres no Brasil. Todo e [&hellip;]","og_url":"https:\/\/dossies.agenciapatriciagalvao.org.br\/dados-e-fontes\/termos-de-uso\/","og_site_name":"Dados e Fontes","article_modified_time":"2018-08-17T21:27:47+00:00","og_image":[{"width":500,"height":400,"url":"https:\/\/assets-dossies-ipg-v2.nyc3.digitaloceanspaces.com\/sites\/3\/2019\/09\/logo-dados-e-fontes.png","type":"image\/png"}],"twitter_card":"summary_large_image","twitter_misc":{"Est. tempo de leitura":"2 minutos"},"schema":{"@context":"https:\/\/schema.org","@graph":[{"@type":"WebPage","@id":"https:\/\/dossies.agenciapatriciagalvao.org.br\/dados-e-fontes\/termos-de-uso\/","url":"https:\/\/dossies.agenciapatriciagalvao.org.br\/dados-e-fontes\/termos-de-uso\/","name":"Termos de uso - Dados e Fontes","isPartOf":{"@id":"https:\/\/dossies.agenciapatriciagalvao.org.br\/dados-e-fontes\/#website"},"datePublished":"2015-07-21T22:26:11+00:00","dateModified":"2018-08-17T21:27:47+00:00","breadcrumb":{"@id":"https:\/\/dossies.agenciapatriciagalvao.org.br\/dados-e-fontes\/termos-de-uso\/#breadcrumb"},"inLanguage":"pt-BR","potentialAction":[{"@type":"ReadAction","target":["https:\/\/dossies.agenciapatriciagalvao.org.br\/dados-e-fontes\/termos-de-uso\/"]}]},{"@type":"BreadcrumbList","@id":"https:\/\/dossies.agenciapatriciagalvao.org.br\/dados-e-fontes\/termos-de-uso\/#breadcrumb","itemListElement":[{"@type":"ListItem","position":1,"name":"In\u00edcio","item":"https:\/\/dossies.agenciapatriciagalvao.org.br\/dados-e-fontes\/"},{"@type":"ListItem","position":2,"name":"Termos de uso"}]},{"@type":"WebSite","@id":"https:\/\/dossies.agenciapatriciagalvao.org.br\/dados-e-fontes\/#website","url":"https:\/\/dossies.agenciapatriciagalvao.org.br\/dados-e-fontes\/","name":"Dados e Fontes","description":"Banco com pesquisas, dados e fontes sobre a viol\u00eancia contra a mulher","potentialAction":[{"@type":"SearchAction","target":{"@type":"EntryPoint","urlTemplate":"https:\/\/dossies.agenciapatriciagalvao.org.br\/dados-e-fontes\/?s={search_term_string}"},"query-input":{"@type":"PropertyValueSpecification","valueRequired":true,"valueName":"search_term_string"}}],"inLanguage":"pt-BR"}]}},"_links":{"self":[{"href":"https:\/\/dossies.agenciapatriciagalvao.org.br\/dados-e-fontes\/wp-json\/wp\/v2\/pages\/378","targetHints":{"allow":["GET"]}}],"collection":[{"href":"https:\/\/dossies.agenciapatriciagalvao.org.br\/dados-e-fontes\/wp-json\/wp\/v2\/pages"}],"about":[{"href":"https:\/\/dossies.agenciapatriciagalvao.org.br\/dados-e-fontes\/wp-json\/wp\/v2\/types\/page"}],"author":[{"embeddable":true,"href":"https:\/\/dossies.agenciapatriciagalvao.org.br\/dados-e-fontes\/wp-json\/wp\/v2\/users\/1"}],"replies":[{"embeddable":true,"href":"https:\/\/dossies.agenciapatriciagalvao.org.br\/dados-e-fontes\/wp-json\/wp\/v2\/comments?post=378"}],"version-history":[{"count":4,"href":"https:\/\/dossies.agenciapatriciagalvao.org.br\/dados-e-fontes\/wp-json\/wp\/v2\/pages\/378\/revisions"}],"predecessor-version":[{"id":1473,"href":"https:\/\/dossies.agenciapatriciagalvao.org.br\/dados-e-fontes\/wp-json\/wp\/v2\/pages\/378\/revisions\/1473"}],"wp:attachment":[{"href":"https:\/\/dossies.agenciapatriciagalvao.org.br\/dados-e-fontes\/wp-json\/wp\/v2\/media?parent=378"}],"curies":[{"name":"wp","href":"https:\/\/api.w.org\/{rel}","templated":true}]}}